{"version":"1.0","provider_name":"Steve L. Elkas Funeral Home","provider_url":"https:\/\/www.steveelkas.com\/en\/","title":"Mme Pauline Fouquet Mar\u00e9chal &#8212; Steve L. Elkas Funeral Home","type":"rich","width":600,"height":338,"html":"<blockquote class=\"wp-embedded-content\" data-secret=\"GheNOqdwhQ\"><a href=\"https:\/\/www.steveelkas.com\/en\/obituaries\/mme-pauline-fouquet-marechal\/\">Mme Pauline Fouquet Mar\u00e9chal<\/a><\/blockquote><iframe sandbox=\"allow-scripts\" security=\"restricted\" src=\"https:\/\/www.steveelkas.com\/en\/obituaries\/mme-pauline-fouquet-marechal\/embed\/#?secret=GheNOqdwhQ\" width=\"600\" height=\"338\" title=\"&#8220;Mme Pauline Fouquet Mar\u00e9chal&#8221; &#8212; Steve L. Elkas Funeral Home\" data-secret=\"GheNOqdwhQ\" frameborder=\"0\" marginwidth=\"0\" marginheight=\"0\" scrolling=\"no\" class=\"wp-embedded-content\"><\/iframe><script type=\"text\/javascript\">\n\/* <![CDATA[ *\/\n\/*! This file is auto-generated *\/\n!function(d,l){\"use strict\";l.querySelector&&d.addEventListener&&\"undefined\"!=typeof URL&&(d.wp=d.wp||{},d.wp.receiveEmbedMessage||(d.wp.receiveEmbedMessage=function(e){var t=e.data;if((t||t.secret||t.message||t.value)&&!\/[^a-zA-Z0-9]\/.test(t.secret)){for(var s,r,n,a=l.querySelectorAll('iframe[data-secret=\"'+t.secret+'\"]'),o=l.querySelectorAll('blockquote[data-secret=\"'+t.secret+'\"]'),c=new RegExp(\"^https?:$\",\"i\"),i=0;i<o.length;i++)o[i].style.display=\"none\";for(i=0;i<a.length;i++)s=a[i],e.source===s.contentWindow&&(s.removeAttribute(\"style\"),\"height\"===t.message?(1e3<(r=parseInt(t.value,10))?r=1e3:~~r<200&&(r=200),s.height=r):\"link\"===t.message&&(r=new URL(s.getAttribute(\"src\")),n=new URL(t.value),c.test(n.protocol))&&n.host===r.host&&l.activeElement===s&&(d.top.location.href=t.value))}},d.addEventListener(\"message\",d.wp.receiveEmbedMessage,!1),l.addEventListener(\"DOMContentLoaded\",function(){for(var e,t,s=l.querySelectorAll(\"iframe.wp-embedded-content\"),r=0;r<s.length;r++)(t=(e=s[r]).getAttribute(\"data-secret\"))||(t=Math.random().toString(36).substring(2,12),e.src+=\"#?secret=\"+t,e.setAttribute(\"data-secret\",t)),e.contentWindow.postMessage({message:\"ready\",secret:t},\"*\")},!1)))}(window,document);\n\/\/# sourceURL=https:\/\/www.steveelkas.com\/wp-includes\/js\/wp-embed.min.js\n\/* ]]> *\/\n<\/script>\n","thumbnail_url":"https:\/\/www.steveelkas.com\/wp-content\/uploads\/2022\/05\/pauline-fouquet.jpg","thumbnail_width":445,"thumbnail_height":593,"description":"C\u2019est avec regret que nous annon\u00e7ons le d\u00e9c\u00e8s de Pauline Fouquet, \u00e9pouse de feu Jean Mar\u00e9chal, survenu \u00e0 Sherbrooke le 12 mai 2022 \u00e0 l\u2019\u00e2ge v\u00e9n\u00e9rable de 94 ans. Elle laisse dans le deuil ses enfants : Fran\u00e7oise (Alain Hamel), Robert (Solange Breton), Linda (Georges Tremblay), et Andr\u00e9e (Daniel Boutin), ainsi que ses chers petits-enfants [&hellip;]"}

Mme Pauline Fouquet Maréchal &#8212; Steve L. Elkas Funeral Home

<blockquote class="wp-embedded-content" data-secret="GheNOqdwhQ"><a href="https://www.steveelkas.com/en/obituaries/mme-pauline-fouquet-marechal/">Mme Pauline Fouquet Maréchal</a></blockquote><iframe sandbox="allow-scripts" security="restricted" src="https://www.steveelkas.com/en/obituaries/mme-pauline-fouquet-marechal/embed/#?secret=GheNOqdwhQ" width="600" height="338" title="&#8220;Mme Pauline Fouquet Maréchal&#8221; &#8212; Steve L. Elkas Funeral Home" data-secret="GheNOqdwhQ" frameborder="0" marginwidth="0" marginheight="0" scrolling="no" class="wp-embedded-content"></iframe><script type="text/javascript">
/* <![CDATA[ */
/*! This file is auto-generated */
!function(d,l){"use strict";l.querySelector&&d.addEventListener&&"undefined"!=typeof URL&&(d.wp=d.wp||{},d.wp.receiveEmbedMessage||(d.wp.receiveEmbedMessage=function(e){var t=e.data;if((t||t.secret||t.message||t.value)&&!/[^a-zA-Z0-9]/.test(t.secret)){for(var s,r,n,a=l.querySelectorAll('iframe[data-secret="'+t.secret+'"]'),o=l.querySelectorAll('blockquote[data-secret="'+t.secret+'"]'),c=new RegExp("^https?:$","i"),i=0;i<o.length;i++)o[i].style.display="none";for(i=0;i<a.length;i++)s=a[i],e.source===s.contentWindow&&(s.removeAttribute("style"),"height"===t.message?(1e3<(r=parseInt(t.value,10))?r=1e3:~~r<200&&(r=200),s.height=r):"link"===t.message&&(r=new URL(s.getAttribute("src")),n=new URL(t.value),c.test(n.protocol))&&n.host===r.host&&l.activeElement===s&&(d.top.location.href=t.value))}},d.addEventListener("message",d.wp.receiveEmbedMessage,!1),l.addEventListener("DOMContentLoaded",function(){for(var e,t,s=l.querySelectorAll("iframe.wp-embedded-content"),r=0;r<s.length;r++)(t=(e=s[r]).getAttribute("data-secret"))||(t=Math.random().toString(36).substring(2,12),e.src+="#?secret="+t,e.setAttribute("data-secret",t)),e.contentWindow.postMessage({message:"ready",secret:t},"*")},!1)))}(window,document);
//# sourceURL=https://www.steveelkas.com/wp-includes/js/wp-embed.min.js
/* ]]> */
</script>

C’est avec regret que nous annonçons le décès de Pauline Fouquet, épouse de feu Jean Maréchal, survenu à Sherbrooke le 12 mai 2022 à l’âge vénérable de 94 ans. Elle laisse dans le deuil ses enfants : Françoise (Alain Hamel), Robert (Solange Breton), Linda (Georges Tremblay), et Andrée (Daniel Boutin), ainsi que ses chers petits-enfants [&hellip;]
