{"version":"1.0","provider_name":"Steve L. Elkas Funeral Home","provider_url":"https:\/\/www.steveelkas.com\/en\/","title":"Mme Pauline Mignault Comtois &#8212; Steve L. Elkas Funeral Home","type":"rich","width":600,"height":338,"html":"<blockquote class=\"wp-embedded-content\" data-secret=\"Jjjpl0STIt\"><a href=\"https:\/\/www.steveelkas.com\/en\/obituaries\/mme-pauline-mignault-comtois\/\">Mme Pauline Mignault Comtois<\/a><\/blockquote><iframe sandbox=\"allow-scripts\" security=\"restricted\" src=\"https:\/\/www.steveelkas.com\/en\/obituaries\/mme-pauline-mignault-comtois\/embed\/#?secret=Jjjpl0STIt\" width=\"600\" height=\"338\" title=\"&#8220;Mme Pauline Mignault Comtois&#8221; &#8212; Steve L. Elkas Funeral Home\" data-secret=\"Jjjpl0STIt\" frameborder=\"0\" marginwidth=\"0\" marginheight=\"0\" scrolling=\"no\" class=\"wp-embedded-content\"><\/iframe><script type=\"text\/javascript\">\n\/* <![CDATA[ *\/\n\/*! This file is auto-generated *\/\n!function(d,l){\"use strict\";l.querySelector&&d.addEventListener&&\"undefined\"!=typeof URL&&(d.wp=d.wp||{},d.wp.receiveEmbedMessage||(d.wp.receiveEmbedMessage=function(e){var t=e.data;if((t||t.secret||t.message||t.value)&&!\/[^a-zA-Z0-9]\/.test(t.secret)){for(var s,r,n,a=l.querySelectorAll('iframe[data-secret=\"'+t.secret+'\"]'),o=l.querySelectorAll('blockquote[data-secret=\"'+t.secret+'\"]'),c=new RegExp(\"^https?:$\",\"i\"),i=0;i<o.length;i++)o[i].style.display=\"none\";for(i=0;i<a.length;i++)s=a[i],e.source===s.contentWindow&&(s.removeAttribute(\"style\"),\"height\"===t.message?(1e3<(r=parseInt(t.value,10))?r=1e3:~~r<200&&(r=200),s.height=r):\"link\"===t.message&&(r=new URL(s.getAttribute(\"src\")),n=new URL(t.value),c.test(n.protocol))&&n.host===r.host&&l.activeElement===s&&(d.top.location.href=t.value))}},d.addEventListener(\"message\",d.wp.receiveEmbedMessage,!1),l.addEventListener(\"DOMContentLoaded\",function(){for(var e,t,s=l.querySelectorAll(\"iframe.wp-embedded-content\"),r=0;r<s.length;r++)(t=(e=s[r]).getAttribute(\"data-secret\"))||(t=Math.random().toString(36).substring(2,12),e.src+=\"#?secret=\"+t,e.setAttribute(\"data-secret\",t)),e.contentWindow.postMessage({message:\"ready\",secret:t},\"*\")},!1)))}(window,document);\n\/\/# sourceURL=https:\/\/www.steveelkas.com\/wp-includes\/js\/wp-embed.min.js\n\/* ]]> *\/\n<\/script>\n","thumbnail_url":"https:\/\/www.steveelkas.com\/wp-content\/uploads\/2022\/09\/Pauline-Mignault-recadre.jpg","thumbnail_width":153,"thumbnail_height":206,"description":"Mme Pauline Mignault Comtois (1931-2022) \u00c0 Sherbrooke, paisiblement, le 6 septembre dernier, apr\u00e8s 90 ans d\u2019une belle et longue vie, Pauline est partie rejoindre son \u00e9poux feu Pierre Comtois et ses parents feu Alexandre A. Mignault et feu Lucille Montmigny. Elle manquera ch\u00e8rement \u00e0 ses filles Mich\u00e8le (Raymond-Mathieu Simard) et Marie (Marc Andr\u00e9 Larochelle); \u00e0 [&hellip;]"}

Mme Pauline Mignault Comtois (1931-2022) À Sherbrooke, paisiblement, le 6 septembre dernier, après 90 ans d’une belle et longue vie, Pauline est partie rejoindre son époux feu Pierre Comtois et ses parents feu Alexandre A. Mignault et feu Lucille Montmigny. Elle manquera chèrement à ses filles Michèle (Raymond-Mathieu Simard) et Marie (Marc André Larochelle); à [&hellip;]
