{"version":"1.0","provider_name":"Steve L. Elkas Funeral Home","provider_url":"https:\/\/www.steveelkas.com\/en\/","title":"Mme Pierrette Grenier &#8212; Steve L. Elkas Funeral Home","type":"rich","width":600,"height":338,"html":"<blockquote class=\"wp-embedded-content\" data-secret=\"426DSuO3qY\"><a href=\"https:\/\/www.steveelkas.com\/en\/obituaries\/mme-pierrette-grenier\/\">Mme Pierrette Grenier<\/a><\/blockquote><iframe sandbox=\"allow-scripts\" security=\"restricted\" src=\"https:\/\/www.steveelkas.com\/en\/obituaries\/mme-pierrette-grenier\/embed\/#?secret=426DSuO3qY\" width=\"600\" height=\"338\" title=\"&#8220;Mme Pierrette Grenier&#8221; &#8212; Steve L. Elkas Funeral Home\" data-secret=\"426DSuO3qY\" frameborder=\"0\" marginwidth=\"0\" marginheight=\"0\" scrolling=\"no\" class=\"wp-embedded-content\"><\/iframe><script type=\"text\/javascript\">\n\/* <![CDATA[ *\/\n\/*! This file is auto-generated *\/\n!function(d,l){\"use strict\";l.querySelector&&d.addEventListener&&\"undefined\"!=typeof URL&&(d.wp=d.wp||{},d.wp.receiveEmbedMessage||(d.wp.receiveEmbedMessage=function(e){var t=e.data;if((t||t.secret||t.message||t.value)&&!\/[^a-zA-Z0-9]\/.test(t.secret)){for(var s,r,n,a=l.querySelectorAll('iframe[data-secret=\"'+t.secret+'\"]'),o=l.querySelectorAll('blockquote[data-secret=\"'+t.secret+'\"]'),c=new RegExp(\"^https?:$\",\"i\"),i=0;i<o.length;i++)o[i].style.display=\"none\";for(i=0;i<a.length;i++)s=a[i],e.source===s.contentWindow&&(s.removeAttribute(\"style\"),\"height\"===t.message?(1e3<(r=parseInt(t.value,10))?r=1e3:~~r<200&&(r=200),s.height=r):\"link\"===t.message&&(r=new URL(s.getAttribute(\"src\")),n=new URL(t.value),c.test(n.protocol))&&n.host===r.host&&l.activeElement===s&&(d.top.location.href=t.value))}},d.addEventListener(\"message\",d.wp.receiveEmbedMessage,!1),l.addEventListener(\"DOMContentLoaded\",function(){for(var e,t,s=l.querySelectorAll(\"iframe.wp-embedded-content\"),r=0;r<s.length;r++)(t=(e=s[r]).getAttribute(\"data-secret\"))||(t=Math.random().toString(36).substring(2,12),e.src+=\"#?secret=\"+t,e.setAttribute(\"data-secret\",t)),e.contentWindow.postMessage({message:\"ready\",secret:t},\"*\")},!1)))}(window,document);\n\/\/# sourceURL=https:\/\/www.steveelkas.com\/wp-includes\/js\/wp-embed.min.js\n\/* ]]> *\/\n<\/script>\n","thumbnail_url":"https:\/\/www.steveelkas.com\/wp-content\/uploads\/2023\/01\/Pierrette-Grenier-002.jpg","thumbnail_width":1185,"thumbnail_height":1715,"description":"Le 9 janvier 2023, au centre Le Royer \u00e0 Montr\u00e9al, s\u2019est \u00e9teinte Madame Pierrette Grenier, \u00e2g\u00e9e de 100 ans. Elle \u00e9tait la fille de feu Arthur Grenier et feu Germaine Champagne. Madame Grenier laisse dans le deuil son fils Robert Tynan, ses petits-enfants Marc, Karine et Val\u00e9rie ainsi que ses arri\u00e8re-petits-enfants Louis, David, Charles et [&hellip;]"}

Le 9 janvier 2023, au centre Le Royer à Montréal, s’est éteinte Madame Pierrette Grenier, âgée de 100 ans. Elle était la fille de feu Arthur Grenier et feu Germaine Champagne. Madame Grenier laisse dans le deuil son fils Robert Tynan, ses petits-enfants Marc, Karine et Valérie ainsi que ses arrière-petits-enfants Louis, David, Charles et [&hellip;]
