{"version":"1.0","provider_name":"Steve L. Elkas Funeral Home","provider_url":"https:\/\/www.steveelkas.com\/en\/","title":"Mme Pierrette Jutras &#8212; Steve L. Elkas Funeral Home","type":"rich","width":600,"height":338,"html":"<blockquote class=\"wp-embedded-content\" data-secret=\"M24yh5X8JU\"><a href=\"https:\/\/www.steveelkas.com\/en\/obituaries\/mme-pierrette-jutras\/\">Mme Pierrette Jutras<\/a><\/blockquote><iframe sandbox=\"allow-scripts\" security=\"restricted\" src=\"https:\/\/www.steveelkas.com\/en\/obituaries\/mme-pierrette-jutras\/embed\/#?secret=M24yh5X8JU\" width=\"600\" height=\"338\" title=\"&#8220;Mme Pierrette Jutras&#8221; &#8212; Steve L. Elkas Funeral Home\" data-secret=\"M24yh5X8JU\" frameborder=\"0\" marginwidth=\"0\" marginheight=\"0\" scrolling=\"no\" class=\"wp-embedded-content\"><\/iframe><script type=\"text\/javascript\">\n\/* <![CDATA[ *\/\n\/*! This file is auto-generated *\/\n!function(d,l){\"use strict\";l.querySelector&&d.addEventListener&&\"undefined\"!=typeof URL&&(d.wp=d.wp||{},d.wp.receiveEmbedMessage||(d.wp.receiveEmbedMessage=function(e){var t=e.data;if((t||t.secret||t.message||t.value)&&!\/[^a-zA-Z0-9]\/.test(t.secret)){for(var s,r,n,a=l.querySelectorAll('iframe[data-secret=\"'+t.secret+'\"]'),o=l.querySelectorAll('blockquote[data-secret=\"'+t.secret+'\"]'),c=new RegExp(\"^https?:$\",\"i\"),i=0;i<o.length;i++)o[i].style.display=\"none\";for(i=0;i<a.length;i++)s=a[i],e.source===s.contentWindow&&(s.removeAttribute(\"style\"),\"height\"===t.message?(1e3<(r=parseInt(t.value,10))?r=1e3:~~r<200&&(r=200),s.height=r):\"link\"===t.message&&(r=new URL(s.getAttribute(\"src\")),n=new URL(t.value),c.test(n.protocol))&&n.host===r.host&&l.activeElement===s&&(d.top.location.href=t.value))}},d.addEventListener(\"message\",d.wp.receiveEmbedMessage,!1),l.addEventListener(\"DOMContentLoaded\",function(){for(var e,t,s=l.querySelectorAll(\"iframe.wp-embedded-content\"),r=0;r<s.length;r++)(t=(e=s[r]).getAttribute(\"data-secret\"))||(t=Math.random().toString(36).substring(2,12),e.src+=\"#?secret=\"+t,e.setAttribute(\"data-secret\",t)),e.contentWindow.postMessage({message:\"ready\",secret:t},\"*\")},!1)))}(window,document);\n\/\/# sourceURL=https:\/\/www.steveelkas.com\/wp-includes\/js\/wp-embed.min.js\n\/* ]]> *\/\n<\/script>\n","thumbnail_url":"https:\/\/www.steveelkas.com\/wp-content\/uploads\/2022\/08\/pierrette-jutras143-1.jpg","thumbnail_width":1297,"thumbnail_height":1750,"description":"Mme Pierrette Jutras\u00a0 1949 &#8212;\u00a0 2022 \u00c8 Sherbrooke, le\u00a0 31 juillet 2022 est d\u00e9c\u00e9d\u00e9e Madame Pierrette Jutras ,\u00a0 file de feu Robert Jutras et de feu Monique Reni Gagnon et conjointe de M. Denis Pruneau. &nbsp; Mme Jutras laisse dans le deuil son fils Robert Jutras, le fils de Denis, Daniel Pruneau, de nombreux fr\u00e8res [&hellip;]"}

Mme Pierrette Jutras  1949 &#8212;  2022 È Sherbrooke, le  31 juillet 2022 est décédée Madame Pierrette Jutras ,  file de feu Robert Jutras et de feu Monique Reni Gagnon et conjointe de M. Denis Pruneau. &nbsp; Mme Jutras laisse dans le deuil son fils Robert Jutras, le fils de Denis, Daniel Pruneau, de nombreux frères [&hellip;]
