{"version":"1.0","provider_name":"Steve L. Elkas Funeral Home","provider_url":"https:\/\/www.steveelkas.com\/en\/","title":"Mme Rita Drapeau &#8212; Steve L. Elkas Funeral Home","type":"rich","width":600,"height":338,"html":"<blockquote class=\"wp-embedded-content\" data-secret=\"gm6rpcfE0I\"><a href=\"https:\/\/www.steveelkas.com\/en\/obituaries\/mme-rita-drapeau\/\">Mme Rita Drapeau<\/a><\/blockquote><iframe sandbox=\"allow-scripts\" security=\"restricted\" src=\"https:\/\/www.steveelkas.com\/en\/obituaries\/mme-rita-drapeau\/embed\/#?secret=gm6rpcfE0I\" width=\"600\" height=\"338\" title=\"&#8220;Mme Rita Drapeau&#8221; &#8212; Steve L. Elkas Funeral Home\" data-secret=\"gm6rpcfE0I\" frameborder=\"0\" marginwidth=\"0\" marginheight=\"0\" scrolling=\"no\" class=\"wp-embedded-content\"><\/iframe><script type=\"text\/javascript\">\n\/* <![CDATA[ *\/\n\/*! This file is auto-generated *\/\n!function(d,l){\"use strict\";l.querySelector&&d.addEventListener&&\"undefined\"!=typeof URL&&(d.wp=d.wp||{},d.wp.receiveEmbedMessage||(d.wp.receiveEmbedMessage=function(e){var t=e.data;if((t||t.secret||t.message||t.value)&&!\/[^a-zA-Z0-9]\/.test(t.secret)){for(var s,r,n,a=l.querySelectorAll('iframe[data-secret=\"'+t.secret+'\"]'),o=l.querySelectorAll('blockquote[data-secret=\"'+t.secret+'\"]'),c=new RegExp(\"^https?:$\",\"i\"),i=0;i<o.length;i++)o[i].style.display=\"none\";for(i=0;i<a.length;i++)s=a[i],e.source===s.contentWindow&&(s.removeAttribute(\"style\"),\"height\"===t.message?(1e3<(r=parseInt(t.value,10))?r=1e3:~~r<200&&(r=200),s.height=r):\"link\"===t.message&&(r=new URL(s.getAttribute(\"src\")),n=new URL(t.value),c.test(n.protocol))&&n.host===r.host&&l.activeElement===s&&(d.top.location.href=t.value))}},d.addEventListener(\"message\",d.wp.receiveEmbedMessage,!1),l.addEventListener(\"DOMContentLoaded\",function(){for(var e,t,s=l.querySelectorAll(\"iframe.wp-embedded-content\"),r=0;r<s.length;r++)(t=(e=s[r]).getAttribute(\"data-secret\"))||(t=Math.random().toString(36).substring(2,12),e.src+=\"#?secret=\"+t,e.setAttribute(\"data-secret\",t)),e.contentWindow.postMessage({message:\"ready\",secret:t},\"*\")},!1)))}(window,document);\n\/\/# sourceURL=https:\/\/www.steveelkas.com\/wp-includes\/js\/wp-embed.min.js\n\/* ]]> *\/\n<\/script>\n","thumbnail_url":"https:\/\/www.steveelkas.com\/wp-content\/uploads\/2023\/08\/Rita-Drapeau302-002.jpg","thumbnail_width":1423,"thumbnail_height":1778,"description":"1933 &#8211; 2023 \u00c0 Sherbrooke, le 31 juillet 2023 \u00e0 l&#8217;\u00e2ge de 90 ans, est d\u00e9c\u00e9d\u00e9e Mme Rita Drapeau Couture, fille de feu Arthur Drapeau et de feu L\u00e9na Gagnon et \u00e9pouse ador\u00e9e de Georges Couture. La famille vous accueillera au Complexe Steve Elkas (4230, rue Bertrand-Fabi, Sherbrooke) le vendredi 18 ao\u00fbt 2023 de 14h [&hellip;]"}

1933 &#8211; 2023 À Sherbrooke, le 31 juillet 2023 à l&#8217;âge de 90 ans, est décédée Mme Rita Drapeau Couture, fille de feu Arthur Drapeau et de feu Léna Gagnon et épouse adorée de Georges Couture. La famille vous accueillera au Complexe Steve Elkas (4230, rue Bertrand-Fabi, Sherbrooke) le vendredi 18 août 2023 de 14h [&hellip;]
