{"version":"1.0","provider_name":"Steve L. Elkas Funeral Home","provider_url":"https:\/\/www.steveelkas.com\/en\/","title":"Mme Simone (Quirion) Audet &#8212; Steve L. Elkas Funeral Home","type":"rich","width":600,"height":338,"html":"<blockquote class=\"wp-embedded-content\" data-secret=\"Cf2qV5SJzE\"><a href=\"https:\/\/www.steveelkas.com\/en\/obituaries\/mme-simone-quirion-audet\/\">Mme Simone (Quirion) Audet<\/a><\/blockquote><iframe sandbox=\"allow-scripts\" security=\"restricted\" src=\"https:\/\/www.steveelkas.com\/en\/obituaries\/mme-simone-quirion-audet\/embed\/#?secret=Cf2qV5SJzE\" width=\"600\" height=\"338\" title=\"&#8220;Mme Simone (Quirion) Audet&#8221; &#8212; Steve L. Elkas Funeral Home\" data-secret=\"Cf2qV5SJzE\" frameborder=\"0\" marginwidth=\"0\" marginheight=\"0\" scrolling=\"no\" class=\"wp-embedded-content\"><\/iframe><script type=\"text\/javascript\">\n\/* <![CDATA[ *\/\n\/*! This file is auto-generated *\/\n!function(d,l){\"use strict\";l.querySelector&&d.addEventListener&&\"undefined\"!=typeof URL&&(d.wp=d.wp||{},d.wp.receiveEmbedMessage||(d.wp.receiveEmbedMessage=function(e){var t=e.data;if((t||t.secret||t.message||t.value)&&!\/[^a-zA-Z0-9]\/.test(t.secret)){for(var s,r,n,a=l.querySelectorAll('iframe[data-secret=\"'+t.secret+'\"]'),o=l.querySelectorAll('blockquote[data-secret=\"'+t.secret+'\"]'),c=new RegExp(\"^https?:$\",\"i\"),i=0;i<o.length;i++)o[i].style.display=\"none\";for(i=0;i<a.length;i++)s=a[i],e.source===s.contentWindow&&(s.removeAttribute(\"style\"),\"height\"===t.message?(1e3<(r=parseInt(t.value,10))?r=1e3:~~r<200&&(r=200),s.height=r):\"link\"===t.message&&(r=new URL(s.getAttribute(\"src\")),n=new URL(t.value),c.test(n.protocol))&&n.host===r.host&&l.activeElement===s&&(d.top.location.href=t.value))}},d.addEventListener(\"message\",d.wp.receiveEmbedMessage,!1),l.addEventListener(\"DOMContentLoaded\",function(){for(var e,t,s=l.querySelectorAll(\"iframe.wp-embedded-content\"),r=0;r<s.length;r++)(t=(e=s[r]).getAttribute(\"data-secret\"))||(t=Math.random().toString(36).substring(2,12),e.src+=\"#?secret=\"+t,e.setAttribute(\"data-secret\",t)),e.contentWindow.postMessage({message:\"ready\",secret:t},\"*\")},!1)))}(window,document);\n\/\/# sourceURL=https:\/\/www.steveelkas.com\/wp-includes\/js\/wp-embed.min.js\n\/* ]]> *\/\n<\/script>\n","thumbnail_url":"https:\/\/www.steveelkas.com\/wp-content\/uploads\/2020\/07\/Simone-Audet063.jpg","thumbnail_width":494,"thumbnail_height":883,"description":"\u00c0 Sherbrooke, au CHSLD-Pavillon St-Joseph, est d\u00e9c\u00e9d\u00e9e le 27 juin 2020, madame Simone Audet, \u00e0 l\u2019\u00e2ge de 98 ans. N\u00e9e \u00e0 St-S\u00e9bastien (Frontenac, Granit), elle \u00e9tait la fille de feu \u00c9lise Rosa et de feu Joseph Audet. Elle avait habit\u00e9 dans sa maison rue Morris pendant 58 ans avant de choisir les R\u00e9sidences Soleil Manoir [&hellip;]"}

À Sherbrooke, au CHSLD-Pavillon St-Joseph, est décédée le 27 juin 2020, madame Simone Audet, à l’âge de 98 ans. Née à St-Sébastien (Frontenac, Granit), elle était la fille de feu Élise Rosa et de feu Joseph Audet. Elle avait habité dans sa maison rue Morris pendant 58 ans avant de choisir les Résidences Soleil Manoir [&hellip;]
