{"version":"1.0","provider_name":"Steve L. Elkas Funeral Home","provider_url":"https:\/\/www.steveelkas.com\/en\/","title":"Mme Suzanne Moisan &#8212; Steve L. Elkas Funeral Home","type":"rich","width":600,"height":338,"html":"<blockquote class=\"wp-embedded-content\" data-secret=\"mKjtKYyw3s\"><a href=\"https:\/\/www.steveelkas.com\/en\/obituaries\/mme-suzanne-moisan\/\">Mme Suzanne Moisan<\/a><\/blockquote><iframe sandbox=\"allow-scripts\" security=\"restricted\" src=\"https:\/\/www.steveelkas.com\/en\/obituaries\/mme-suzanne-moisan\/embed\/#?secret=mKjtKYyw3s\" width=\"600\" height=\"338\" title=\"&#8220;Mme Suzanne Moisan&#8221; &#8212; Steve L. Elkas Funeral Home\" data-secret=\"mKjtKYyw3s\" frameborder=\"0\" marginwidth=\"0\" marginheight=\"0\" scrolling=\"no\" class=\"wp-embedded-content\"><\/iframe><script type=\"text\/javascript\">\n\/* <![CDATA[ *\/\n\/*! This file is auto-generated *\/\n!function(d,l){\"use strict\";l.querySelector&&d.addEventListener&&\"undefined\"!=typeof URL&&(d.wp=d.wp||{},d.wp.receiveEmbedMessage||(d.wp.receiveEmbedMessage=function(e){var t=e.data;if((t||t.secret||t.message||t.value)&&!\/[^a-zA-Z0-9]\/.test(t.secret)){for(var s,r,n,a=l.querySelectorAll('iframe[data-secret=\"'+t.secret+'\"]'),o=l.querySelectorAll('blockquote[data-secret=\"'+t.secret+'\"]'),c=new RegExp(\"^https?:$\",\"i\"),i=0;i<o.length;i++)o[i].style.display=\"none\";for(i=0;i<a.length;i++)s=a[i],e.source===s.contentWindow&&(s.removeAttribute(\"style\"),\"height\"===t.message?(1e3<(r=parseInt(t.value,10))?r=1e3:~~r<200&&(r=200),s.height=r):\"link\"===t.message&&(r=new URL(s.getAttribute(\"src\")),n=new URL(t.value),c.test(n.protocol))&&n.host===r.host&&l.activeElement===s&&(d.top.location.href=t.value))}},d.addEventListener(\"message\",d.wp.receiveEmbedMessage,!1),l.addEventListener(\"DOMContentLoaded\",function(){for(var e,t,s=l.querySelectorAll(\"iframe.wp-embedded-content\"),r=0;r<s.length;r++)(t=(e=s[r]).getAttribute(\"data-secret\"))||(t=Math.random().toString(36).substring(2,12),e.src+=\"#?secret=\"+t,e.setAttribute(\"data-secret\",t)),e.contentWindow.postMessage({message:\"ready\",secret:t},\"*\")},!1)))}(window,document);\n\/\/# sourceURL=https:\/\/www.steveelkas.com\/wp-includes\/js\/wp-embed.min.js\n\/* ]]> *\/\n<\/script>\n","thumbnail_url":"https:\/\/www.steveelkas.com\/wp-content\/uploads\/2020\/07\/Suzanne-Moisan-photo-rotated.jpg","thumbnail_width":3024,"thumbnail_height":4032,"description":"\u00c0 Sherbrooke, le 11 juillet 2020, \u00e0 l\u2019\u00e2ge de 80 ans, est d\u00e9c\u00e9d\u00e9e Mme Suzanne Moisan, fille de feu \u00c9mile Moisan et feu Lucienne Hamel. Elle laisse dans le deuil, son conjoint L\u00e9o Gautreau, ses enfants Sylvain (Linda Laverdi\u00e8re), Martine (\u00c9ric Millette), M\u00e9lanie (Yan Bernier), ses petits-enfants Jean Philippe (Karolanne Desbiens), Am\u00e9lie (Jean-Francis Mercier), Anne-Sophie [&hellip;]"}

À Sherbrooke, le 11 juillet 2020, à l’âge de 80 ans, est décédée Mme Suzanne Moisan, fille de feu Émile Moisan et feu Lucienne Hamel. Elle laisse dans le deuil, son conjoint Léo Gautreau, ses enfants Sylvain (Linda Laverdière), Martine (Éric Millette), Mélanie (Yan Bernier), ses petits-enfants Jean Philippe (Karolanne Desbiens), Amélie (Jean-Francis Mercier), Anne-Sophie [&hellip;]
