{"version":"1.0","provider_name":"Steve L. Elkas Funeral Home","provider_url":"https:\/\/www.steveelkas.com\/en\/","title":"Mme Suzanne Simoneau &#8212; Steve L. Elkas Funeral Home","type":"rich","width":600,"height":338,"html":"<blockquote class=\"wp-embedded-content\" data-secret=\"Df7K2A3HGy\"><a href=\"https:\/\/www.steveelkas.com\/en\/obituaries\/mme-suzanne-simoneau\/\">Mme Suzanne Simoneau<\/a><\/blockquote><iframe sandbox=\"allow-scripts\" security=\"restricted\" src=\"https:\/\/www.steveelkas.com\/en\/obituaries\/mme-suzanne-simoneau\/embed\/#?secret=Df7K2A3HGy\" width=\"600\" height=\"338\" title=\"&#8220;Mme Suzanne Simoneau&#8221; &#8212; Steve L. Elkas Funeral Home\" data-secret=\"Df7K2A3HGy\" frameborder=\"0\" marginwidth=\"0\" marginheight=\"0\" scrolling=\"no\" class=\"wp-embedded-content\"><\/iframe><script type=\"text\/javascript\">\n\/* <![CDATA[ *\/\n\/*! This file is auto-generated *\/\n!function(d,l){\"use strict\";l.querySelector&&d.addEventListener&&\"undefined\"!=typeof URL&&(d.wp=d.wp||{},d.wp.receiveEmbedMessage||(d.wp.receiveEmbedMessage=function(e){var t=e.data;if((t||t.secret||t.message||t.value)&&!\/[^a-zA-Z0-9]\/.test(t.secret)){for(var s,r,n,a=l.querySelectorAll('iframe[data-secret=\"'+t.secret+'\"]'),o=l.querySelectorAll('blockquote[data-secret=\"'+t.secret+'\"]'),c=new RegExp(\"^https?:$\",\"i\"),i=0;i<o.length;i++)o[i].style.display=\"none\";for(i=0;i<a.length;i++)s=a[i],e.source===s.contentWindow&&(s.removeAttribute(\"style\"),\"height\"===t.message?(1e3<(r=parseInt(t.value,10))?r=1e3:~~r<200&&(r=200),s.height=r):\"link\"===t.message&&(r=new URL(s.getAttribute(\"src\")),n=new URL(t.value),c.test(n.protocol))&&n.host===r.host&&l.activeElement===s&&(d.top.location.href=t.value))}},d.addEventListener(\"message\",d.wp.receiveEmbedMessage,!1),l.addEventListener(\"DOMContentLoaded\",function(){for(var e,t,s=l.querySelectorAll(\"iframe.wp-embedded-content\"),r=0;r<s.length;r++)(t=(e=s[r]).getAttribute(\"data-secret\"))||(t=Math.random().toString(36).substring(2,12),e.src+=\"#?secret=\"+t,e.setAttribute(\"data-secret\",t)),e.contentWindow.postMessage({message:\"ready\",secret:t},\"*\")},!1)))}(window,document);\n\/\/# sourceURL=https:\/\/www.steveelkas.com\/wp-includes\/js\/wp-embed.min.js\n\/* ]]> *\/\n<\/script>\n","thumbnail_url":"https:\/\/www.steveelkas.com\/wp-content\/uploads\/2023\/05\/1-SUZANNE-SIMONEAU.jpg","thumbnail_width":869,"thumbnail_height":994,"description":"Mme Suzanne Simoneau\u00a0 ( 1938\u00a0 \u00a0-2023 ) Est d\u00e9c\u00e9d\u00e9e le 12 mai 2023, \u00e0 l\u2019\u00e2ge de 84 ans, Mme Suzanne Simoneau, \u00e9pouse de feu Gilles Pellerin et fille de feu Claire Gingras et de feu Armand\u00a0 Simoneau. Suzanne laisse dans le deuil sa fille Lyne (Gilles); ses fr\u00e8res et s\u0153urs : feu Guy Simoneau (feu [&hellip;]"}

Mme Suzanne Simoneau  ( 1938   -2023 ) Est décédée le 12 mai 2023, à l’âge de 84 ans, Mme Suzanne Simoneau, épouse de feu Gilles Pellerin et fille de feu Claire Gingras et de feu Armand  Simoneau. Suzanne laisse dans le deuil sa fille Lyne (Gilles); ses frères et sœurs : feu Guy Simoneau (feu [&hellip;]
