{"version":"1.0","provider_name":"Steve L. Elkas Funeral Home","provider_url":"https:\/\/www.steveelkas.com\/en\/","title":"Mme Sylvie Henri &#8212; Steve L. Elkas Funeral Home","type":"rich","width":600,"height":338,"html":"<blockquote class=\"wp-embedded-content\" data-secret=\"7WWlonFryv\"><a href=\"https:\/\/www.steveelkas.com\/en\/obituaries\/mme-sylvie-henri\/\">Mme Sylvie Henri<\/a><\/blockquote><iframe sandbox=\"allow-scripts\" security=\"restricted\" src=\"https:\/\/www.steveelkas.com\/en\/obituaries\/mme-sylvie-henri\/embed\/#?secret=7WWlonFryv\" width=\"600\" height=\"338\" title=\"&#8220;Mme Sylvie Henri&#8221; &#8212; Steve L. Elkas Funeral Home\" data-secret=\"7WWlonFryv\" frameborder=\"0\" marginwidth=\"0\" marginheight=\"0\" scrolling=\"no\" class=\"wp-embedded-content\"><\/iframe><script type=\"text\/javascript\">\n\/* <![CDATA[ *\/\n\/*! This file is auto-generated *\/\n!function(d,l){\"use strict\";l.querySelector&&d.addEventListener&&\"undefined\"!=typeof URL&&(d.wp=d.wp||{},d.wp.receiveEmbedMessage||(d.wp.receiveEmbedMessage=function(e){var t=e.data;if((t||t.secret||t.message||t.value)&&!\/[^a-zA-Z0-9]\/.test(t.secret)){for(var s,r,n,a=l.querySelectorAll('iframe[data-secret=\"'+t.secret+'\"]'),o=l.querySelectorAll('blockquote[data-secret=\"'+t.secret+'\"]'),c=new RegExp(\"^https?:$\",\"i\"),i=0;i<o.length;i++)o[i].style.display=\"none\";for(i=0;i<a.length;i++)s=a[i],e.source===s.contentWindow&&(s.removeAttribute(\"style\"),\"height\"===t.message?(1e3<(r=parseInt(t.value,10))?r=1e3:~~r<200&&(r=200),s.height=r):\"link\"===t.message&&(r=new URL(s.getAttribute(\"src\")),n=new URL(t.value),c.test(n.protocol))&&n.host===r.host&&l.activeElement===s&&(d.top.location.href=t.value))}},d.addEventListener(\"message\",d.wp.receiveEmbedMessage,!1),l.addEventListener(\"DOMContentLoaded\",function(){for(var e,t,s=l.querySelectorAll(\"iframe.wp-embedded-content\"),r=0;r<s.length;r++)(t=(e=s[r]).getAttribute(\"data-secret\"))||(t=Math.random().toString(36).substring(2,12),e.src+=\"#?secret=\"+t,e.setAttribute(\"data-secret\",t)),e.contentWindow.postMessage({message:\"ready\",secret:t},\"*\")},!1)))}(window,document);\n\/\/# sourceURL=https:\/\/www.steveelkas.com\/wp-includes\/js\/wp-embed.min.js\n\/* ]]> *\/\n<\/script>\n","thumbnail_url":"https:\/\/www.steveelkas.com\/wp-content\/uploads\/2022\/07\/Sylvie-Henri131.jpg","thumbnail_width":1504,"thumbnail_height":1515,"description":"C\u2019est avec beaucoup de tristesse que nous vous faisons part du d\u00e9c\u00e8s de madame Sylvie Henri, survenu le 10 juillet 2022, \u00e0 Sherbrooke. Elle laisse dans le deuil son \u00e9poux St\u00e9phane Gravel, ses enfants\u00a0: Marie-\u00c8ve et M\u00e9lissa Gravel, ses parents Micheline Breton (feu G\u00e9rard Henri), ses s\u0153urs Lucie (Dany), Nathalie, ses beaux-parents\u00a0: Andr\u00e9 Gravel et [&hellip;]"}

C’est avec beaucoup de tristesse que nous vous faisons part du décès de madame Sylvie Henri, survenu le 10 juillet 2022, à Sherbrooke. Elle laisse dans le deuil son époux Stéphane Gravel, ses enfants : Marie-Ève et Mélissa Gravel, ses parents Micheline Breton (feu Gérard Henri), ses sœurs Lucie (Dany), Nathalie, ses beaux-parents : André Gravel et [&hellip;]
