{"version":"1.0","provider_name":"Steve L. Elkas Funeral Home","provider_url":"https:\/\/www.steveelkas.com\/en\/","title":"Mme Th\u00e9r\u00e8se Fontaine &#8212; Steve L. Elkas Funeral Home","type":"rich","width":600,"height":338,"html":"<blockquote class=\"wp-embedded-content\" data-secret=\"FKY9ZdiLPX\"><a href=\"https:\/\/www.steveelkas.com\/en\/obituaries\/mme-therese-fontaine\/\">Mme Th\u00e9r\u00e8se Fontaine<\/a><\/blockquote><iframe sandbox=\"allow-scripts\" security=\"restricted\" src=\"https:\/\/www.steveelkas.com\/en\/obituaries\/mme-therese-fontaine\/embed\/#?secret=FKY9ZdiLPX\" width=\"600\" height=\"338\" title=\"&#8220;Mme Th\u00e9r\u00e8se Fontaine&#8221; &#8212; Steve L. Elkas Funeral Home\" data-secret=\"FKY9ZdiLPX\" frameborder=\"0\" marginwidth=\"0\" marginheight=\"0\" scrolling=\"no\" class=\"wp-embedded-content\"><\/iframe><script type=\"text\/javascript\">\n\/* <![CDATA[ *\/\n\/*! This file is auto-generated *\/\n!function(d,l){\"use strict\";l.querySelector&&d.addEventListener&&\"undefined\"!=typeof URL&&(d.wp=d.wp||{},d.wp.receiveEmbedMessage||(d.wp.receiveEmbedMessage=function(e){var t=e.data;if((t||t.secret||t.message||t.value)&&!\/[^a-zA-Z0-9]\/.test(t.secret)){for(var s,r,n,a=l.querySelectorAll('iframe[data-secret=\"'+t.secret+'\"]'),o=l.querySelectorAll('blockquote[data-secret=\"'+t.secret+'\"]'),c=new RegExp(\"^https?:$\",\"i\"),i=0;i<o.length;i++)o[i].style.display=\"none\";for(i=0;i<a.length;i++)s=a[i],e.source===s.contentWindow&&(s.removeAttribute(\"style\"),\"height\"===t.message?(1e3<(r=parseInt(t.value,10))?r=1e3:~~r<200&&(r=200),s.height=r):\"link\"===t.message&&(r=new URL(s.getAttribute(\"src\")),n=new URL(t.value),c.test(n.protocol))&&n.host===r.host&&l.activeElement===s&&(d.top.location.href=t.value))}},d.addEventListener(\"message\",d.wp.receiveEmbedMessage,!1),l.addEventListener(\"DOMContentLoaded\",function(){for(var e,t,s=l.querySelectorAll(\"iframe.wp-embedded-content\"),r=0;r<s.length;r++)(t=(e=s[r]).getAttribute(\"data-secret\"))||(t=Math.random().toString(36).substring(2,12),e.src+=\"#?secret=\"+t,e.setAttribute(\"data-secret\",t)),e.contentWindow.postMessage({message:\"ready\",secret:t},\"*\")},!1)))}(window,document);\n\/\/# sourceURL=https:\/\/www.steveelkas.com\/wp-includes\/js\/wp-embed.min.js\n\/* ]]> *\/\n<\/script>\n","thumbnail_url":"https:\/\/www.steveelkas.com\/wp-content\/uploads\/2022\/12\/Therese-Fontaine-002.jpg","thumbnail_width":327,"thumbnail_height":425,"description":"\u00c0 Sherbrooke, le 21 d\u00e9cembre 2022 est d\u00e9c\u00e9d\u00e9e madame Th\u00e9r\u00e8se Fontaine Brochu \u00e0 l\u2019\u00e2ge de 89 ans, \u00e9pouse de feu Rosario Brochu (Paulo). M\u00e8re de feu France, madame Fontaine Brochu laisse dans le deuil son fils Paul (Marie-Claude), sa fille Lucie; ses petits-enfants : Marilyne, Rosanne (Ghislain), Jean-Fran\u00e7ois, Anne-Claude (Guillaume), Karl-David (Cynthia); ses arri\u00e8re-petits-enfants : [&hellip;]"}

Mme Thérèse Fontaine &#8212; Steve L. Elkas Funeral Home

<blockquote class="wp-embedded-content" data-secret="FKY9ZdiLPX"><a href="https://www.steveelkas.com/en/obituaries/mme-therese-fontaine/">Mme Thérèse Fontaine</a></blockquote><iframe sandbox="allow-scripts" security="restricted" src="https://www.steveelkas.com/en/obituaries/mme-therese-fontaine/embed/#?secret=FKY9ZdiLPX" width="600" height="338" title="&#8220;Mme Thérèse Fontaine&#8221; &#8212; Steve L. Elkas Funeral Home" data-secret="FKY9ZdiLPX" frameborder="0" marginwidth="0" marginheight="0" scrolling="no" class="wp-embedded-content"></iframe><script type="text/javascript">
/* <![CDATA[ */
/*! This file is auto-generated */
!function(d,l){"use strict";l.querySelector&&d.addEventListener&&"undefined"!=typeof URL&&(d.wp=d.wp||{},d.wp.receiveEmbedMessage||(d.wp.receiveEmbedMessage=function(e){var t=e.data;if((t||t.secret||t.message||t.value)&&!/[^a-zA-Z0-9]/.test(t.secret)){for(var s,r,n,a=l.querySelectorAll('iframe[data-secret="'+t.secret+'"]'),o=l.querySelectorAll('blockquote[data-secret="'+t.secret+'"]'),c=new RegExp("^https?:$","i"),i=0;i<o.length;i++)o[i].style.display="none";for(i=0;i<a.length;i++)s=a[i],e.source===s.contentWindow&&(s.removeAttribute("style"),"height"===t.message?(1e3<(r=parseInt(t.value,10))?r=1e3:~~r<200&&(r=200),s.height=r):"link"===t.message&&(r=new URL(s.getAttribute("src")),n=new URL(t.value),c.test(n.protocol))&&n.host===r.host&&l.activeElement===s&&(d.top.location.href=t.value))}},d.addEventListener("message",d.wp.receiveEmbedMessage,!1),l.addEventListener("DOMContentLoaded",function(){for(var e,t,s=l.querySelectorAll("iframe.wp-embedded-content"),r=0;r<s.length;r++)(t=(e=s[r]).getAttribute("data-secret"))||(t=Math.random().toString(36).substring(2,12),e.src+="#?secret="+t,e.setAttribute("data-secret",t)),e.contentWindow.postMessage({message:"ready",secret:t},"*")},!1)))}(window,document);
//# sourceURL=https://www.steveelkas.com/wp-includes/js/wp-embed.min.js
/* ]]> */
</script>

À Sherbrooke, le 21 décembre 2022 est décédée madame Thérèse Fontaine Brochu à l’âge de 89 ans, épouse de feu Rosario Brochu (Paulo). Mère de feu France, madame Fontaine Brochu laisse dans le deuil son fils Paul (Marie-Claude), sa fille Lucie; ses petits-enfants : Marilyne, Rosanne (Ghislain), Jean-François, Anne-Claude (Guillaume), Karl-David (Cynthia); ses arrière-petits-enfants : [&hellip;]
