{"version":"1.0","provider_name":"Steve L. Elkas Funeral Home","provider_url":"https:\/\/www.steveelkas.com\/en\/","title":"Mme Th\u00e9r\u00e8se Marinaro &#8212; Steve L. Elkas Funeral Home","type":"rich","width":600,"height":338,"html":"<blockquote class=\"wp-embedded-content\" data-secret=\"lm7UWnuI3i\"><a href=\"https:\/\/www.steveelkas.com\/en\/obituaries\/mme-therese-marinaro\/\">Mme Th\u00e9r\u00e8se Marinaro<\/a><\/blockquote><iframe sandbox=\"allow-scripts\" security=\"restricted\" src=\"https:\/\/www.steveelkas.com\/en\/obituaries\/mme-therese-marinaro\/embed\/#?secret=lm7UWnuI3i\" width=\"600\" height=\"338\" title=\"&#8220;Mme Th\u00e9r\u00e8se Marinaro&#8221; &#8212; Steve L. Elkas Funeral Home\" data-secret=\"lm7UWnuI3i\" frameborder=\"0\" marginwidth=\"0\" marginheight=\"0\" scrolling=\"no\" class=\"wp-embedded-content\"><\/iframe><script type=\"text\/javascript\">\n\/* <![CDATA[ *\/\n\/*! This file is auto-generated *\/\n!function(d,l){\"use strict\";l.querySelector&&d.addEventListener&&\"undefined\"!=typeof URL&&(d.wp=d.wp||{},d.wp.receiveEmbedMessage||(d.wp.receiveEmbedMessage=function(e){var t=e.data;if((t||t.secret||t.message||t.value)&&!\/[^a-zA-Z0-9]\/.test(t.secret)){for(var s,r,n,a=l.querySelectorAll('iframe[data-secret=\"'+t.secret+'\"]'),o=l.querySelectorAll('blockquote[data-secret=\"'+t.secret+'\"]'),c=new RegExp(\"^https?:$\",\"i\"),i=0;i<o.length;i++)o[i].style.display=\"none\";for(i=0;i<a.length;i++)s=a[i],e.source===s.contentWindow&&(s.removeAttribute(\"style\"),\"height\"===t.message?(1e3<(r=parseInt(t.value,10))?r=1e3:~~r<200&&(r=200),s.height=r):\"link\"===t.message&&(r=new URL(s.getAttribute(\"src\")),n=new URL(t.value),c.test(n.protocol))&&n.host===r.host&&l.activeElement===s&&(d.top.location.href=t.value))}},d.addEventListener(\"message\",d.wp.receiveEmbedMessage,!1),l.addEventListener(\"DOMContentLoaded\",function(){for(var e,t,s=l.querySelectorAll(\"iframe.wp-embedded-content\"),r=0;r<s.length;r++)(t=(e=s[r]).getAttribute(\"data-secret\"))||(t=Math.random().toString(36).substring(2,12),e.src+=\"#?secret=\"+t,e.setAttribute(\"data-secret\",t)),e.contentWindow.postMessage({message:\"ready\",secret:t},\"*\")},!1)))}(window,document);\n\/\/# sourceURL=https:\/\/www.steveelkas.com\/wp-includes\/js\/wp-embed.min.js\n\/* ]]> *\/\n<\/script>\n","thumbnail_url":"https:\/\/www.steveelkas.com\/wp-content\/uploads\/2023\/11\/Therese-Marinaro-photo-Tribune.jpg","thumbnail_width":500,"thumbnail_height":500,"description":"1932 &#8211; 2023 \u00c0 Sherbrooke, le 4 novembre 2023 \u00e0 l&#8217;\u00e2ge de 91 ans, est d\u00e9c\u00e9d\u00e9e Mme Th\u00e9r\u00e8se Marinaro, \u00e9pouse de feu Raymond Day, fille de feu L\u00e9onida Marinaro et de feu H\u00e9l\u00e8ne Nive. Elle demeurait \u00e0 Sherbrooke. Afin de comm\u00e9morer la vie de Mme Marinaro, la famille se r\u00e9unira en toute intimit\u00e9 \u00e0 une [&hellip;]"}

Mme Thérèse Marinaro &#8212; Steve L. Elkas Funeral Home

<blockquote class="wp-embedded-content" data-secret="lm7UWnuI3i"><a href="https://www.steveelkas.com/en/obituaries/mme-therese-marinaro/">Mme Thérèse Marinaro</a></blockquote><iframe sandbox="allow-scripts" security="restricted" src="https://www.steveelkas.com/en/obituaries/mme-therese-marinaro/embed/#?secret=lm7UWnuI3i" width="600" height="338" title="&#8220;Mme Thérèse Marinaro&#8221; &#8212; Steve L. Elkas Funeral Home" data-secret="lm7UWnuI3i" frameborder="0" marginwidth="0" marginheight="0" scrolling="no" class="wp-embedded-content"></iframe><script type="text/javascript">
/* <![CDATA[ */
/*! This file is auto-generated */
!function(d,l){"use strict";l.querySelector&&d.addEventListener&&"undefined"!=typeof URL&&(d.wp=d.wp||{},d.wp.receiveEmbedMessage||(d.wp.receiveEmbedMessage=function(e){var t=e.data;if((t||t.secret||t.message||t.value)&&!/[^a-zA-Z0-9]/.test(t.secret)){for(var s,r,n,a=l.querySelectorAll('iframe[data-secret="'+t.secret+'"]'),o=l.querySelectorAll('blockquote[data-secret="'+t.secret+'"]'),c=new RegExp("^https?:$","i"),i=0;i<o.length;i++)o[i].style.display="none";for(i=0;i<a.length;i++)s=a[i],e.source===s.contentWindow&&(s.removeAttribute("style"),"height"===t.message?(1e3<(r=parseInt(t.value,10))?r=1e3:~~r<200&&(r=200),s.height=r):"link"===t.message&&(r=new URL(s.getAttribute("src")),n=new URL(t.value),c.test(n.protocol))&&n.host===r.host&&l.activeElement===s&&(d.top.location.href=t.value))}},d.addEventListener("message",d.wp.receiveEmbedMessage,!1),l.addEventListener("DOMContentLoaded",function(){for(var e,t,s=l.querySelectorAll("iframe.wp-embedded-content"),r=0;r<s.length;r++)(t=(e=s[r]).getAttribute("data-secret"))||(t=Math.random().toString(36).substring(2,12),e.src+="#?secret="+t,e.setAttribute("data-secret",t)),e.contentWindow.postMessage({message:"ready",secret:t},"*")},!1)))}(window,document);
//# sourceURL=https://www.steveelkas.com/wp-includes/js/wp-embed.min.js
/* ]]> */
</script>

1932 &#8211; 2023 À Sherbrooke, le 4 novembre 2023 à l&#8217;âge de 91 ans, est décédée Mme Thérèse Marinaro, épouse de feu Raymond Day, fille de feu Léonida Marinaro et de feu Hélène Nive. Elle demeurait à Sherbrooke. Afin de commémorer la vie de Mme Marinaro, la famille se réunira en toute intimité à une [&hellip;]
