{"version":"1.0","provider_name":"Steve L. Elkas Funeral Home","provider_url":"https:\/\/www.steveelkas.com\/en\/","title":"Mme Th\u00e9r\u00e8se Vigneault Moquin &#8212; Steve L. Elkas Funeral Home","type":"rich","width":600,"height":338,"html":"<blockquote class=\"wp-embedded-content\" data-secret=\"rQ3gN2Kycb\"><a href=\"https:\/\/www.steveelkas.com\/en\/obituaries\/mme-therese-vigneault-moquin\/\">Mme Th\u00e9r\u00e8se Vigneault Moquin<\/a><\/blockquote><iframe sandbox=\"allow-scripts\" security=\"restricted\" src=\"https:\/\/www.steveelkas.com\/en\/obituaries\/mme-therese-vigneault-moquin\/embed\/#?secret=rQ3gN2Kycb\" width=\"600\" height=\"338\" title=\"&#8220;Mme Th\u00e9r\u00e8se Vigneault Moquin&#8221; &#8212; Steve L. Elkas Funeral Home\" data-secret=\"rQ3gN2Kycb\" frameborder=\"0\" marginwidth=\"0\" marginheight=\"0\" scrolling=\"no\" class=\"wp-embedded-content\"><\/iframe><script type=\"text\/javascript\">\n\/* <![CDATA[ *\/\n\/*! This file is auto-generated *\/\n!function(d,l){\"use strict\";l.querySelector&&d.addEventListener&&\"undefined\"!=typeof URL&&(d.wp=d.wp||{},d.wp.receiveEmbedMessage||(d.wp.receiveEmbedMessage=function(e){var t=e.data;if((t||t.secret||t.message||t.value)&&!\/[^a-zA-Z0-9]\/.test(t.secret)){for(var s,r,n,a=l.querySelectorAll('iframe[data-secret=\"'+t.secret+'\"]'),o=l.querySelectorAll('blockquote[data-secret=\"'+t.secret+'\"]'),c=new RegExp(\"^https?:$\",\"i\"),i=0;i<o.length;i++)o[i].style.display=\"none\";for(i=0;i<a.length;i++)s=a[i],e.source===s.contentWindow&&(s.removeAttribute(\"style\"),\"height\"===t.message?(1e3<(r=parseInt(t.value,10))?r=1e3:~~r<200&&(r=200),s.height=r):\"link\"===t.message&&(r=new URL(s.getAttribute(\"src\")),n=new URL(t.value),c.test(n.protocol))&&n.host===r.host&&l.activeElement===s&&(d.top.location.href=t.value))}},d.addEventListener(\"message\",d.wp.receiveEmbedMessage,!1),l.addEventListener(\"DOMContentLoaded\",function(){for(var e,t,s=l.querySelectorAll(\"iframe.wp-embedded-content\"),r=0;r<s.length;r++)(t=(e=s[r]).getAttribute(\"data-secret\"))||(t=Math.random().toString(36).substring(2,12),e.src+=\"#?secret=\"+t,e.setAttribute(\"data-secret\",t)),e.contentWindow.postMessage({message:\"ready\",secret:t},\"*\")},!1)))}(window,document);\n\/\/# sourceURL=https:\/\/www.steveelkas.com\/wp-includes\/js\/wp-embed.min.js\n\/* ]]> *\/\n<\/script>\n","thumbnail_url":"https:\/\/www.steveelkas.com\/wp-content\/uploads\/2022\/10\/Therese-Vigneault.jpg","thumbnail_width":595,"thumbnail_height":711,"description":"\u00c0 Sherbrooke, le 4\u00a0octobre 2022, entour\u00e9e des siens, \u00e0 l\u2019\u00e2ge de 77\u00a0ans, est d\u00e9c\u00e9d\u00e9e sereinement et paisiblement, madame Th\u00e9r\u00e8se Vigneault Moquin. Elle \u00e9tait la fille de feu Armand Vigneault et feu \u00c9milia Lahaie, la s\u0153ur de feu Solange Vigneault et l\u2019\u00e9pouse de feu Jacques Moquin. Elle laisse dans le deuil son fils unique Vincent Moquin [&hellip;]"}

Mme Thérèse Vigneault Moquin &#8212; Steve L. Elkas Funeral Home

<blockquote class="wp-embedded-content" data-secret="rQ3gN2Kycb"><a href="https://www.steveelkas.com/en/obituaries/mme-therese-vigneault-moquin/">Mme Thérèse Vigneault Moquin</a></blockquote><iframe sandbox="allow-scripts" security="restricted" src="https://www.steveelkas.com/en/obituaries/mme-therese-vigneault-moquin/embed/#?secret=rQ3gN2Kycb" width="600" height="338" title="&#8220;Mme Thérèse Vigneault Moquin&#8221; &#8212; Steve L. Elkas Funeral Home" data-secret="rQ3gN2Kycb" frameborder="0" marginwidth="0" marginheight="0" scrolling="no" class="wp-embedded-content"></iframe><script type="text/javascript">
/* <![CDATA[ */
/*! This file is auto-generated */
!function(d,l){"use strict";l.querySelector&&d.addEventListener&&"undefined"!=typeof URL&&(d.wp=d.wp||{},d.wp.receiveEmbedMessage||(d.wp.receiveEmbedMessage=function(e){var t=e.data;if((t||t.secret||t.message||t.value)&&!/[^a-zA-Z0-9]/.test(t.secret)){for(var s,r,n,a=l.querySelectorAll('iframe[data-secret="'+t.secret+'"]'),o=l.querySelectorAll('blockquote[data-secret="'+t.secret+'"]'),c=new RegExp("^https?:$","i"),i=0;i<o.length;i++)o[i].style.display="none";for(i=0;i<a.length;i++)s=a[i],e.source===s.contentWindow&&(s.removeAttribute("style"),"height"===t.message?(1e3<(r=parseInt(t.value,10))?r=1e3:~~r<200&&(r=200),s.height=r):"link"===t.message&&(r=new URL(s.getAttribute("src")),n=new URL(t.value),c.test(n.protocol))&&n.host===r.host&&l.activeElement===s&&(d.top.location.href=t.value))}},d.addEventListener("message",d.wp.receiveEmbedMessage,!1),l.addEventListener("DOMContentLoaded",function(){for(var e,t,s=l.querySelectorAll("iframe.wp-embedded-content"),r=0;r<s.length;r++)(t=(e=s[r]).getAttribute("data-secret"))||(t=Math.random().toString(36).substring(2,12),e.src+="#?secret="+t,e.setAttribute("data-secret",t)),e.contentWindow.postMessage({message:"ready",secret:t},"*")},!1)))}(window,document);
//# sourceURL=https://www.steveelkas.com/wp-includes/js/wp-embed.min.js
/* ]]> */
</script>

À Sherbrooke, le 4 octobre 2022, entourée des siens, à l’âge de 77 ans, est décédée sereinement et paisiblement, madame Thérèse Vigneault Moquin. Elle était la fille de feu Armand Vigneault et feu Émilia Lahaie, la sœur de feu Solange Vigneault et l’épouse de feu Jacques Moquin. Elle laisse dans le deuil son fils unique Vincent Moquin [&hellip;]
