{"version":"1.0","provider_name":"Steve L. Elkas Funeral Home","provider_url":"https:\/\/www.steveelkas.com\/en\/","title":"Mme Val\u00e9rie Breault &#8212; Steve L. Elkas Funeral Home","type":"rich","width":600,"height":338,"html":"<blockquote class=\"wp-embedded-content\" data-secret=\"jdgqLhdlpR\"><a href=\"https:\/\/www.steveelkas.com\/en\/obituaries\/mme-valerie-breault\/\">Mme Val\u00e9rie Breault<\/a><\/blockquote><iframe sandbox=\"allow-scripts\" security=\"restricted\" src=\"https:\/\/www.steveelkas.com\/en\/obituaries\/mme-valerie-breault\/embed\/#?secret=jdgqLhdlpR\" width=\"600\" height=\"338\" title=\"&#8220;Mme Val\u00e9rie Breault&#8221; &#8212; Steve L. Elkas Funeral Home\" data-secret=\"jdgqLhdlpR\" frameborder=\"0\" marginwidth=\"0\" marginheight=\"0\" scrolling=\"no\" class=\"wp-embedded-content\"><\/iframe><script type=\"text\/javascript\">\n\/* <![CDATA[ *\/\n\/*! This file is auto-generated *\/\n!function(d,l){\"use strict\";l.querySelector&&d.addEventListener&&\"undefined\"!=typeof URL&&(d.wp=d.wp||{},d.wp.receiveEmbedMessage||(d.wp.receiveEmbedMessage=function(e){var t=e.data;if((t||t.secret||t.message||t.value)&&!\/[^a-zA-Z0-9]\/.test(t.secret)){for(var s,r,n,a=l.querySelectorAll('iframe[data-secret=\"'+t.secret+'\"]'),o=l.querySelectorAll('blockquote[data-secret=\"'+t.secret+'\"]'),c=new RegExp(\"^https?:$\",\"i\"),i=0;i<o.length;i++)o[i].style.display=\"none\";for(i=0;i<a.length;i++)s=a[i],e.source===s.contentWindow&&(s.removeAttribute(\"style\"),\"height\"===t.message?(1e3<(r=parseInt(t.value,10))?r=1e3:~~r<200&&(r=200),s.height=r):\"link\"===t.message&&(r=new URL(s.getAttribute(\"src\")),n=new URL(t.value),c.test(n.protocol))&&n.host===r.host&&l.activeElement===s&&(d.top.location.href=t.value))}},d.addEventListener(\"message\",d.wp.receiveEmbedMessage,!1),l.addEventListener(\"DOMContentLoaded\",function(){for(var e,t,s=l.querySelectorAll(\"iframe.wp-embedded-content\"),r=0;r<s.length;r++)(t=(e=s[r]).getAttribute(\"data-secret\"))||(t=Math.random().toString(36).substring(2,12),e.src+=\"#?secret=\"+t,e.setAttribute(\"data-secret\",t)),e.contentWindow.postMessage({message:\"ready\",secret:t},\"*\")},!1)))}(window,document);\n\/\/# sourceURL=https:\/\/www.steveelkas.com\/wp-includes\/js\/wp-embed.min.js\n\/* ]]> *\/\n<\/script>\n","thumbnail_url":"https:\/\/www.steveelkas.com\/wp-content\/uploads\/2021\/01\/221-valerie-breault-146X200.jpg","thumbnail_width":146,"thumbnail_height":200,"description":"Au CHUS Fleurimont, le 7 janvier 2021, \u00e0 l\u2019\u00e2ge de 44 ans, est d\u00e9c\u00e9d\u00e9e madame Val\u00e9rie Breault\u00a0 conjointe de Jean-Fran\u00e7ois Allaire, demeurant \u00e0 Magog. Outre son conjoint, \u00a0Val\u00e9rie laisse dans le deuil ses fils Dannick et Nathaniel. Sa m\u00e8re Brigitte Bouffard, son p\u00e8re Ren\u00e9 Breault (Maylen), sa s\u0153ur Chantal (Gan Laporte),sa grand-m\u00e8re Fernande, sa belle-m\u00e8re [&hellip;]"}

Mme Valérie Breault &#8212; Steve L. Elkas Funeral Home

<blockquote class="wp-embedded-content" data-secret="jdgqLhdlpR"><a href="https://www.steveelkas.com/en/obituaries/mme-valerie-breault/">Mme Valérie Breault</a></blockquote><iframe sandbox="allow-scripts" security="restricted" src="https://www.steveelkas.com/en/obituaries/mme-valerie-breault/embed/#?secret=jdgqLhdlpR" width="600" height="338" title="&#8220;Mme Valérie Breault&#8221; &#8212; Steve L. Elkas Funeral Home" data-secret="jdgqLhdlpR" frameborder="0" marginwidth="0" marginheight="0" scrolling="no" class="wp-embedded-content"></iframe><script type="text/javascript">
/* <![CDATA[ */
/*! This file is auto-generated */
!function(d,l){"use strict";l.querySelector&&d.addEventListener&&"undefined"!=typeof URL&&(d.wp=d.wp||{},d.wp.receiveEmbedMessage||(d.wp.receiveEmbedMessage=function(e){var t=e.data;if((t||t.secret||t.message||t.value)&&!/[^a-zA-Z0-9]/.test(t.secret)){for(var s,r,n,a=l.querySelectorAll('iframe[data-secret="'+t.secret+'"]'),o=l.querySelectorAll('blockquote[data-secret="'+t.secret+'"]'),c=new RegExp("^https?:$","i"),i=0;i<o.length;i++)o[i].style.display="none";for(i=0;i<a.length;i++)s=a[i],e.source===s.contentWindow&&(s.removeAttribute("style"),"height"===t.message?(1e3<(r=parseInt(t.value,10))?r=1e3:~~r<200&&(r=200),s.height=r):"link"===t.message&&(r=new URL(s.getAttribute("src")),n=new URL(t.value),c.test(n.protocol))&&n.host===r.host&&l.activeElement===s&&(d.top.location.href=t.value))}},d.addEventListener("message",d.wp.receiveEmbedMessage,!1),l.addEventListener("DOMContentLoaded",function(){for(var e,t,s=l.querySelectorAll("iframe.wp-embedded-content"),r=0;r<s.length;r++)(t=(e=s[r]).getAttribute("data-secret"))||(t=Math.random().toString(36).substring(2,12),e.src+="#?secret="+t,e.setAttribute("data-secret",t)),e.contentWindow.postMessage({message:"ready",secret:t},"*")},!1)))}(window,document);
//# sourceURL=https://www.steveelkas.com/wp-includes/js/wp-embed.min.js
/* ]]> */
</script>

Au CHUS Fleurimont, le 7 janvier 2021, à l’âge de 44 ans, est décédée madame Valérie Breault  conjointe de Jean-François Allaire, demeurant à Magog. Outre son conjoint,  Valérie laisse dans le deuil ses fils Dannick et Nathaniel. Sa mère Brigitte Bouffard, son père René Breault (Maylen), sa sœur Chantal (Gan Laporte),sa grand-mère Fernande, sa belle-mère [&hellip;]
