{"version":"1.0","provider_name":"Steve L. Elkas Funeral Home","provider_url":"https:\/\/www.steveelkas.com\/en\/","title":"Mme Yvette Bergeron Denault &#8212; Steve L. Elkas Funeral Home","type":"rich","width":600,"height":338,"html":"<blockquote class=\"wp-embedded-content\" data-secret=\"6x6RDFeWD1\"><a href=\"https:\/\/www.steveelkas.com\/en\/obituaries\/mme-yvette-bergeron-denault\/\">Mme Yvette Bergeron Denault<\/a><\/blockquote><iframe sandbox=\"allow-scripts\" security=\"restricted\" src=\"https:\/\/www.steveelkas.com\/en\/obituaries\/mme-yvette-bergeron-denault\/embed\/#?secret=6x6RDFeWD1\" width=\"600\" height=\"338\" title=\"&#8220;Mme Yvette Bergeron Denault&#8221; &#8212; Steve L. Elkas Funeral Home\" data-secret=\"6x6RDFeWD1\" frameborder=\"0\" marginwidth=\"0\" marginheight=\"0\" scrolling=\"no\" class=\"wp-embedded-content\"><\/iframe><script type=\"text\/javascript\">\n\/* <![CDATA[ *\/\n\/*! This file is auto-generated *\/\n!function(d,l){\"use strict\";l.querySelector&&d.addEventListener&&\"undefined\"!=typeof URL&&(d.wp=d.wp||{},d.wp.receiveEmbedMessage||(d.wp.receiveEmbedMessage=function(e){var t=e.data;if((t||t.secret||t.message||t.value)&&!\/[^a-zA-Z0-9]\/.test(t.secret)){for(var s,r,n,a=l.querySelectorAll('iframe[data-secret=\"'+t.secret+'\"]'),o=l.querySelectorAll('blockquote[data-secret=\"'+t.secret+'\"]'),c=new RegExp(\"^https?:$\",\"i\"),i=0;i<o.length;i++)o[i].style.display=\"none\";for(i=0;i<a.length;i++)s=a[i],e.source===s.contentWindow&&(s.removeAttribute(\"style\"),\"height\"===t.message?(1e3<(r=parseInt(t.value,10))?r=1e3:~~r<200&&(r=200),s.height=r):\"link\"===t.message&&(r=new URL(s.getAttribute(\"src\")),n=new URL(t.value),c.test(n.protocol))&&n.host===r.host&&l.activeElement===s&&(d.top.location.href=t.value))}},d.addEventListener(\"message\",d.wp.receiveEmbedMessage,!1),l.addEventListener(\"DOMContentLoaded\",function(){for(var e,t,s=l.querySelectorAll(\"iframe.wp-embedded-content\"),r=0;r<s.length;r++)(t=(e=s[r]).getAttribute(\"data-secret\"))||(t=Math.random().toString(36).substring(2,12),e.src+=\"#?secret=\"+t,e.setAttribute(\"data-secret\",t)),e.contentWindow.postMessage({message:\"ready\",secret:t},\"*\")},!1)))}(window,document);\n\/\/# sourceURL=https:\/\/www.steveelkas.com\/wp-includes\/js\/wp-embed.min.js\n\/* ]]> *\/\n<\/script>\n","thumbnail_url":"https:\/\/www.steveelkas.com\/wp-content\/uploads\/2026\/03\/Yvette-Bergeron-Avis.jpg","thumbnail_width":408,"thumbnail_height":550,"description":"1931-2026 \u00c0 l\u2019H\u00f4tel-Dieu de Sherbrooke, s\u2019est \u00e9teinte le 11 mars dernier, notre ch\u00e8re maman, Yvette Bergeron Denault. Elle \u00e9tait la fille de feu Denis Bergeron et de feu Diana Robitaille de Bromptonville. Elle fut \u00e9galement l\u2019\u00e9pouse de feu G\u00e9rard (Gerry) Denault et la m\u00e8re de Sylvie (Allan Abdalla); Johanne (Daniel Deblois); Marc (Sylvie Beaulieu), et [&hellip;]"}

1931-2026 À l’Hôtel-Dieu de Sherbrooke, s’est éteinte le 11 mars dernier, notre chère maman, Yvette Bergeron Denault. Elle était la fille de feu Denis Bergeron et de feu Diana Robitaille de Bromptonville. Elle fut également l’épouse de feu Gérard (Gerry) Denault et la mère de Sylvie (Allan Abdalla); Johanne (Daniel Deblois); Marc (Sylvie Beaulieu), et [&hellip;]
