{"version":"1.0","provider_name":"Steve L. Elkas Funeral Home","provider_url":"https:\/\/www.steveelkas.com\/en\/","title":"P. Richard Dessureault &#8212; Steve L. Elkas Funeral Home","type":"rich","width":600,"height":338,"html":"<blockquote class=\"wp-embedded-content\" data-secret=\"nNRRWCqekN\"><a href=\"https:\/\/www.steveelkas.com\/en\/obituaries\/p-richard-dessureault\/\">P. Richard Dessureault<\/a><\/blockquote><iframe sandbox=\"allow-scripts\" security=\"restricted\" src=\"https:\/\/www.steveelkas.com\/en\/obituaries\/p-richard-dessureault\/embed\/#?secret=nNRRWCqekN\" width=\"600\" height=\"338\" title=\"&#8220;P. Richard Dessureault&#8221; &#8212; Steve L. Elkas Funeral Home\" data-secret=\"nNRRWCqekN\" frameborder=\"0\" marginwidth=\"0\" marginheight=\"0\" scrolling=\"no\" class=\"wp-embedded-content\"><\/iframe><script type=\"text\/javascript\">\n\/* <![CDATA[ *\/\n\/*! This file is auto-generated *\/\n!function(d,l){\"use strict\";l.querySelector&&d.addEventListener&&\"undefined\"!=typeof URL&&(d.wp=d.wp||{},d.wp.receiveEmbedMessage||(d.wp.receiveEmbedMessage=function(e){var t=e.data;if((t||t.secret||t.message||t.value)&&!\/[^a-zA-Z0-9]\/.test(t.secret)){for(var s,r,n,a=l.querySelectorAll('iframe[data-secret=\"'+t.secret+'\"]'),o=l.querySelectorAll('blockquote[data-secret=\"'+t.secret+'\"]'),c=new RegExp(\"^https?:$\",\"i\"),i=0;i<o.length;i++)o[i].style.display=\"none\";for(i=0;i<a.length;i++)s=a[i],e.source===s.contentWindow&&(s.removeAttribute(\"style\"),\"height\"===t.message?(1e3<(r=parseInt(t.value,10))?r=1e3:~~r<200&&(r=200),s.height=r):\"link\"===t.message&&(r=new URL(s.getAttribute(\"src\")),n=new URL(t.value),c.test(n.protocol))&&n.host===r.host&&l.activeElement===s&&(d.top.location.href=t.value))}},d.addEventListener(\"message\",d.wp.receiveEmbedMessage,!1),l.addEventListener(\"DOMContentLoaded\",function(){for(var e,t,s=l.querySelectorAll(\"iframe.wp-embedded-content\"),r=0;r<s.length;r++)(t=(e=s[r]).getAttribute(\"data-secret\"))||(t=Math.random().toString(36).substring(2,12),e.src+=\"#?secret=\"+t,e.setAttribute(\"data-secret\",t)),e.contentWindow.postMessage({message:\"ready\",secret:t},\"*\")},!1)))}(window,document);\n\/\/# sourceURL=https:\/\/www.steveelkas.com\/wp-includes\/js\/wp-embed.min.js\n\/* ]]> *\/\n<\/script>\n","thumbnail_url":"https:\/\/www.steveelkas.com\/wp-content\/uploads\/2022\/08\/DESSUREAULT-Richard.jpg","thumbnail_width":2166,"thumbnail_height":2424,"description":"P. Richard Dessureault C\u2019est avec tristesse que la Communaut\u00e9 des P\u00e8res Blancs vous annonce le d\u00e9c\u00e8s du P\u00e8re Richard Dessureault, Missionnaire d\u2019Afrique. Le P\u00e8re Dessureault\u00a0 est d\u00e9c\u00e9d\u00e9 vendredi le 12 ao\u00fbt 2022, \u00e0\u00a0 l\u2019H\u00f4tel-Dieu de Sherbrooke, \u00e0 l\u2019\u00e2ge de 88 ans dont 64 ans de vie missionnaire au Rwanda et au Canada, il \u00e9tait le [&hellip;]"}

P. Richard Dessureault C’est avec tristesse que la Communauté des Pères Blancs vous annonce le décès du Père Richard Dessureault, Missionnaire d’Afrique. Le Père Dessureault  est décédé vendredi le 12 août 2022, à  l’Hôtel-Dieu de Sherbrooke, à l’âge de 88 ans dont 64 ans de vie missionnaire au Rwanda et au Canada, il était le [&hellip;]
