{"version":"1.0","provider_name":"Steve L. Elkas Funeral Home","provider_url":"https:\/\/www.steveelkas.com\/en\/","title":"Patrick Boucher &#8212; Steve L. Elkas Funeral Home","type":"rich","width":600,"height":338,"html":"<blockquote class=\"wp-embedded-content\" data-secret=\"CCq4CkqIoX\"><a href=\"https:\/\/www.steveelkas.com\/en\/obituaries\/patrick-boucher\/\">Patrick Boucher<\/a><\/blockquote><iframe sandbox=\"allow-scripts\" security=\"restricted\" src=\"https:\/\/www.steveelkas.com\/en\/obituaries\/patrick-boucher\/embed\/#?secret=CCq4CkqIoX\" width=\"600\" height=\"338\" title=\"&#8220;Patrick Boucher&#8221; &#8212; Steve L. Elkas Funeral Home\" data-secret=\"CCq4CkqIoX\" frameborder=\"0\" marginwidth=\"0\" marginheight=\"0\" scrolling=\"no\" class=\"wp-embedded-content\"><\/iframe><script type=\"text\/javascript\">\n\/* <![CDATA[ *\/\n\/*! This file is auto-generated *\/\n!function(d,l){\"use strict\";l.querySelector&&d.addEventListener&&\"undefined\"!=typeof URL&&(d.wp=d.wp||{},d.wp.receiveEmbedMessage||(d.wp.receiveEmbedMessage=function(e){var t=e.data;if((t||t.secret||t.message||t.value)&&!\/[^a-zA-Z0-9]\/.test(t.secret)){for(var s,r,n,a=l.querySelectorAll('iframe[data-secret=\"'+t.secret+'\"]'),o=l.querySelectorAll('blockquote[data-secret=\"'+t.secret+'\"]'),c=new RegExp(\"^https?:$\",\"i\"),i=0;i<o.length;i++)o[i].style.display=\"none\";for(i=0;i<a.length;i++)s=a[i],e.source===s.contentWindow&&(s.removeAttribute(\"style\"),\"height\"===t.message?(1e3<(r=parseInt(t.value,10))?r=1e3:~~r<200&&(r=200),s.height=r):\"link\"===t.message&&(r=new URL(s.getAttribute(\"src\")),n=new URL(t.value),c.test(n.protocol))&&n.host===r.host&&l.activeElement===s&&(d.top.location.href=t.value))}},d.addEventListener(\"message\",d.wp.receiveEmbedMessage,!1),l.addEventListener(\"DOMContentLoaded\",function(){for(var e,t,s=l.querySelectorAll(\"iframe.wp-embedded-content\"),r=0;r<s.length;r++)(t=(e=s[r]).getAttribute(\"data-secret\"))||(t=Math.random().toString(36).substring(2,12),e.src+=\"#?secret=\"+t,e.setAttribute(\"data-secret\",t)),e.contentWindow.postMessage({message:\"ready\",secret:t},\"*\")},!1)))}(window,document);\n\/\/# sourceURL=https:\/\/www.steveelkas.com\/wp-includes\/js\/wp-embed.min.js\n\/* ]]> *\/\n<\/script>\n","thumbnail_url":"https:\/\/www.steveelkas.com\/wp-content\/uploads\/2022\/07\/Patrick-Boucher-scaled.jpg","thumbnail_width":2048,"thumbnail_height":2560,"description":"A Sherbrooke, le 30 Juin 2022, \u00e0 l\u2019Age de 81ans, est d\u00e9c\u00e9d\u00e9 M. Patrick Boucher demeurant \u00e0 Sherbrooke, fils de feu Napol\u00e9on Boucher et feu Ir\u00e8ne Cyr. M. Patrick Boucher laisse dans le deuil son \u00e9pouse Pierrette Boucher ainsi que ces enfants;\u00a0 Patrick Boucher Jr. (Norelis Melendez), Christian Boucher (Jos\u00e9e Godbout), Chantal Boucher, Denyse Tardif. [&hellip;]"}

A Sherbrooke, le 30 Juin 2022, à l’Age de 81ans, est décédé M. Patrick Boucher demeurant à Sherbrooke, fils de feu Napoléon Boucher et feu Irène Cyr. M. Patrick Boucher laisse dans le deuil son épouse Pierrette Boucher ainsi que ces enfants;  Patrick Boucher Jr. (Norelis Melendez), Christian Boucher (Josée Godbout), Chantal Boucher, Denyse Tardif. [&hellip;]
