{"version":"1.0","provider_name":"Steve L. Elkas Funeral Home","provider_url":"https:\/\/www.steveelkas.com\/en\/","title":"M. PAUL LOUBIER &#8212; Steve L. Elkas Funeral Home","type":"rich","width":600,"height":338,"html":"<blockquote class=\"wp-embedded-content\" data-secret=\"s8E2gw01ce\"><a href=\"https:\/\/www.steveelkas.com\/en\/obituaries\/paul-loubier\/\">M. PAUL LOUBIER<\/a><\/blockquote><iframe sandbox=\"allow-scripts\" security=\"restricted\" src=\"https:\/\/www.steveelkas.com\/en\/obituaries\/paul-loubier\/embed\/#?secret=s8E2gw01ce\" width=\"600\" height=\"338\" title=\"&#8220;M. PAUL LOUBIER&#8221; &#8212; Steve L. Elkas Funeral Home\" data-secret=\"s8E2gw01ce\" frameborder=\"0\" marginwidth=\"0\" marginheight=\"0\" scrolling=\"no\" class=\"wp-embedded-content\"><\/iframe><script type=\"text\/javascript\">\n\/* <![CDATA[ *\/\n\/*! This file is auto-generated *\/\n!function(d,l){\"use strict\";l.querySelector&&d.addEventListener&&\"undefined\"!=typeof URL&&(d.wp=d.wp||{},d.wp.receiveEmbedMessage||(d.wp.receiveEmbedMessage=function(e){var t=e.data;if((t||t.secret||t.message||t.value)&&!\/[^a-zA-Z0-9]\/.test(t.secret)){for(var s,r,n,a=l.querySelectorAll('iframe[data-secret=\"'+t.secret+'\"]'),o=l.querySelectorAll('blockquote[data-secret=\"'+t.secret+'\"]'),c=new RegExp(\"^https?:$\",\"i\"),i=0;i<o.length;i++)o[i].style.display=\"none\";for(i=0;i<a.length;i++)s=a[i],e.source===s.contentWindow&&(s.removeAttribute(\"style\"),\"height\"===t.message?(1e3<(r=parseInt(t.value,10))?r=1e3:~~r<200&&(r=200),s.height=r):\"link\"===t.message&&(r=new URL(s.getAttribute(\"src\")),n=new URL(t.value),c.test(n.protocol))&&n.host===r.host&&l.activeElement===s&&(d.top.location.href=t.value))}},d.addEventListener(\"message\",d.wp.receiveEmbedMessage,!1),l.addEventListener(\"DOMContentLoaded\",function(){for(var e,t,s=l.querySelectorAll(\"iframe.wp-embedded-content\"),r=0;r<s.length;r++)(t=(e=s[r]).getAttribute(\"data-secret\"))||(t=Math.random().toString(36).substring(2,12),e.src+=\"#?secret=\"+t,e.setAttribute(\"data-secret\",t)),e.contentWindow.postMessage({message:\"ready\",secret:t},\"*\")},!1)))}(window,document);\n\/\/# sourceURL=https:\/\/www.steveelkas.com\/wp-includes\/js\/wp-embed.min.js\n\/* ]]> *\/\n<\/script>\n","thumbnail_url":"https:\/\/www.steveelkas.com\/wp-content\/uploads\/2020\/01\/Paul-Loubier-JOURNALjpg.jpg","thumbnail_width":776,"thumbnail_height":1247,"description":"Au CHSLD Pavillon St- Joseph le 21 janvier 2020 est d\u00e9c\u00e9d\u00e9 M. Paul Loubier \u00e0 l\u2019\u00e2ge de 86 ans, fils de feu Alphonse Loubier et feu Val\u00e9rie Bolduc. Il laisse dans le deuil son \u00e9pouse Colette Gigu\u00e8re, ses enfants Andr\u00e9 (Suzanne Marcoux), Joanne (Mario N\u00e9ron), Christian (Lucie Ouellet) et Claude (Claudine Bisson) ainsi que ses [&hellip;]"}

Au CHSLD Pavillon St- Joseph le 21 janvier 2020 est décédé M. Paul Loubier à l’âge de 86 ans, fils de feu Alphonse Loubier et feu Valérie Bolduc. Il laisse dans le deuil son épouse Colette Giguère, ses enfants André (Suzanne Marcoux), Joanne (Mario Néron), Christian (Lucie Ouellet) et Claude (Claudine Bisson) ainsi que ses [&hellip;]
