{"version":"1.0","provider_name":"Steve L. Elkas Funeral Home","provider_url":"https:\/\/www.steveelkas.com\/en\/","title":"Pauline Jutras &#8212; Steve L. Elkas Funeral Home","type":"rich","width":600,"height":338,"html":"<blockquote class=\"wp-embedded-content\" data-secret=\"Gw07GsfKA4\"><a href=\"https:\/\/www.steveelkas.com\/en\/obituaries\/pauline-jutras\/\">Pauline Jutras<\/a><\/blockquote><iframe sandbox=\"allow-scripts\" security=\"restricted\" src=\"https:\/\/www.steveelkas.com\/en\/obituaries\/pauline-jutras\/embed\/#?secret=Gw07GsfKA4\" width=\"600\" height=\"338\" title=\"&#8220;Pauline Jutras&#8221; &#8212; Steve L. Elkas Funeral Home\" data-secret=\"Gw07GsfKA4\" frameborder=\"0\" marginwidth=\"0\" marginheight=\"0\" scrolling=\"no\" class=\"wp-embedded-content\"><\/iframe><script type=\"text\/javascript\">\n\/* <![CDATA[ *\/\n\/*! This file is auto-generated *\/\n!function(d,l){\"use strict\";l.querySelector&&d.addEventListener&&\"undefined\"!=typeof URL&&(d.wp=d.wp||{},d.wp.receiveEmbedMessage||(d.wp.receiveEmbedMessage=function(e){var t=e.data;if((t||t.secret||t.message||t.value)&&!\/[^a-zA-Z0-9]\/.test(t.secret)){for(var s,r,n,a=l.querySelectorAll('iframe[data-secret=\"'+t.secret+'\"]'),o=l.querySelectorAll('blockquote[data-secret=\"'+t.secret+'\"]'),c=new RegExp(\"^https?:$\",\"i\"),i=0;i<o.length;i++)o[i].style.display=\"none\";for(i=0;i<a.length;i++)s=a[i],e.source===s.contentWindow&&(s.removeAttribute(\"style\"),\"height\"===t.message?(1e3<(r=parseInt(t.value,10))?r=1e3:~~r<200&&(r=200),s.height=r):\"link\"===t.message&&(r=new URL(s.getAttribute(\"src\")),n=new URL(t.value),c.test(n.protocol))&&n.host===r.host&&l.activeElement===s&&(d.top.location.href=t.value))}},d.addEventListener(\"message\",d.wp.receiveEmbedMessage,!1),l.addEventListener(\"DOMContentLoaded\",function(){for(var e,t,s=l.querySelectorAll(\"iframe.wp-embedded-content\"),r=0;r<s.length;r++)(t=(e=s[r]).getAttribute(\"data-secret\"))||(t=Math.random().toString(36).substring(2,12),e.src+=\"#?secret=\"+t,e.setAttribute(\"data-secret\",t)),e.contentWindow.postMessage({message:\"ready\",secret:t},\"*\")},!1)))}(window,document);\n\/\/# sourceURL=https:\/\/www.steveelkas.com\/wp-includes\/js\/wp-embed.min.js\n\/* ]]> *\/\n<\/script>\n","thumbnail_url":"https:\/\/www.steveelkas.com\/wp-content\/uploads\/2022\/07\/Pauline-Jutras129-3-scaled.jpg","thumbnail_width":1654,"thumbnail_height":2560,"description":"\u00c0 Sherbrooke, le 3 juillet 2022 est d\u00e9c\u00e9d\u00e9e madame Pauline Jutras \u00e0 l\u2019\u00e2ge de 91 ans. Madame Jutras laisse dans le deuil sa ni\u00e8ce C\u00e9line et son conjoint, sa filleule France et son conjoint, ses neuveux, ni\u00e8ces ainsi que plusieurs autres parents et amis. Elle \u00e9tait aussi la s\u0153ur de feu Claire, feu Jean-Louis Ptre, [&hellip;]"}

À Sherbrooke, le 3 juillet 2022 est décédée madame Pauline Jutras à l’âge de 91 ans. Madame Jutras laisse dans le deuil sa nièce Céline et son conjoint, sa filleule France et son conjoint, ses neuveux, nièces ainsi que plusieurs autres parents et amis. Elle était aussi la sœur de feu Claire, feu Jean-Louis Ptre, [&hellip;]
