{"version":"1.0","provider_name":"Steve L. Elkas Funeral Home","provider_url":"https:\/\/www.steveelkas.com\/en\/","title":"Pr Jean-Claude Drouin &#8212; Steve L. Elkas Funeral Home","type":"rich","width":600,"height":338,"html":"<blockquote class=\"wp-embedded-content\" data-secret=\"CUXFenCUra\"><a href=\"https:\/\/www.steveelkas.com\/en\/obituaries\/pr-jean-claude-drouin\/\">Pr Jean-Claude Drouin<\/a><\/blockquote><iframe sandbox=\"allow-scripts\" security=\"restricted\" src=\"https:\/\/www.steveelkas.com\/en\/obituaries\/pr-jean-claude-drouin\/embed\/#?secret=CUXFenCUra\" width=\"600\" height=\"338\" title=\"&#8220;Pr Jean-Claude Drouin&#8221; &#8212; Steve L. Elkas Funeral Home\" data-secret=\"CUXFenCUra\" frameborder=\"0\" marginwidth=\"0\" marginheight=\"0\" scrolling=\"no\" class=\"wp-embedded-content\"><\/iframe><script type=\"text\/javascript\">\n\/* <![CDATA[ *\/\n\/*! This file is auto-generated *\/\n!function(d,l){\"use strict\";l.querySelector&&d.addEventListener&&\"undefined\"!=typeof URL&&(d.wp=d.wp||{},d.wp.receiveEmbedMessage||(d.wp.receiveEmbedMessage=function(e){var t=e.data;if((t||t.secret||t.message||t.value)&&!\/[^a-zA-Z0-9]\/.test(t.secret)){for(var s,r,n,a=l.querySelectorAll('iframe[data-secret=\"'+t.secret+'\"]'),o=l.querySelectorAll('blockquote[data-secret=\"'+t.secret+'\"]'),c=new RegExp(\"^https?:$\",\"i\"),i=0;i<o.length;i++)o[i].style.display=\"none\";for(i=0;i<a.length;i++)s=a[i],e.source===s.contentWindow&&(s.removeAttribute(\"style\"),\"height\"===t.message?(1e3<(r=parseInt(t.value,10))?r=1e3:~~r<200&&(r=200),s.height=r):\"link\"===t.message&&(r=new URL(s.getAttribute(\"src\")),n=new URL(t.value),c.test(n.protocol))&&n.host===r.host&&l.activeElement===s&&(d.top.location.href=t.value))}},d.addEventListener(\"message\",d.wp.receiveEmbedMessage,!1),l.addEventListener(\"DOMContentLoaded\",function(){for(var e,t,s=l.querySelectorAll(\"iframe.wp-embedded-content\"),r=0;r<s.length;r++)(t=(e=s[r]).getAttribute(\"data-secret\"))||(t=Math.random().toString(36).substring(2,12),e.src+=\"#?secret=\"+t,e.setAttribute(\"data-secret\",t)),e.contentWindow.postMessage({message:\"ready\",secret:t},\"*\")},!1)))}(window,document);\n\/\/# sourceURL=https:\/\/www.steveelkas.com\/wp-includes\/js\/wp-embed.min.js\n\/* ]]> *\/\n<\/script>\n","thumbnail_url":"https:\/\/www.steveelkas.com\/wp-content\/uploads\/2022\/05\/PR-JEAN-CLAUDE-DROUIN-scaled.jpg","thumbnail_width":1707,"thumbnail_height":2560,"description":"P\u00e8re Jean-Claude Drouin, cmm 1940-2022 &nbsp; Au CHUS Hotel-Dieu \u00e0 Sherbrooke, le 21 mai 2022, \u00e0 l\u2019\u00e2ge de 82 ans, est d\u00e9c\u00e9d\u00e9 le P\u00e8re Jean-Claude Drouin de la Congr\u00e9gation des Missionnaires de Mariannhill. Il \u00e9tait le fils de feu Ernest Drouin et de feu Madeleine Lemay. Outre ses confr\u00e8res des Missionnaires de Mariannhill, il laisse [&hellip;]"}

Père Jean-Claude Drouin, cmm 1940-2022 &nbsp; Au CHUS Hotel-Dieu à Sherbrooke, le 21 mai 2022, à l’âge de 82 ans, est décédé le Père Jean-Claude Drouin de la Congrégation des Missionnaires de Mariannhill. Il était le fils de feu Ernest Drouin et de feu Madeleine Lemay. Outre ses confrères des Missionnaires de Mariannhill, il laisse [&hellip;]
