{"version":"1.0","provider_name":"Steve L. Elkas Funeral Home","provider_url":"https:\/\/www.steveelkas.com\/en\/","title":"Sr Edwina Montminy &#8212; Steve L. Elkas Funeral Home","type":"rich","width":600,"height":338,"html":"<blockquote class=\"wp-embedded-content\" data-secret=\"Q3ZcQyG5tP\"><a href=\"https:\/\/www.steveelkas.com\/en\/obituaries\/sr-edwina-montminy\/\">Sr Edwina Montminy<\/a><\/blockquote><iframe sandbox=\"allow-scripts\" security=\"restricted\" src=\"https:\/\/www.steveelkas.com\/en\/obituaries\/sr-edwina-montminy\/embed\/#?secret=Q3ZcQyG5tP\" width=\"600\" height=\"338\" title=\"&#8220;Sr Edwina Montminy&#8221; &#8212; Steve L. Elkas Funeral Home\" data-secret=\"Q3ZcQyG5tP\" frameborder=\"0\" marginwidth=\"0\" marginheight=\"0\" scrolling=\"no\" class=\"wp-embedded-content\"><\/iframe><script type=\"text\/javascript\">\n\/* <![CDATA[ *\/\n\/*! This file is auto-generated *\/\n!function(d,l){\"use strict\";l.querySelector&&d.addEventListener&&\"undefined\"!=typeof URL&&(d.wp=d.wp||{},d.wp.receiveEmbedMessage||(d.wp.receiveEmbedMessage=function(e){var t=e.data;if((t||t.secret||t.message||t.value)&&!\/[^a-zA-Z0-9]\/.test(t.secret)){for(var s,r,n,a=l.querySelectorAll('iframe[data-secret=\"'+t.secret+'\"]'),o=l.querySelectorAll('blockquote[data-secret=\"'+t.secret+'\"]'),c=new RegExp(\"^https?:$\",\"i\"),i=0;i<o.length;i++)o[i].style.display=\"none\";for(i=0;i<a.length;i++)s=a[i],e.source===s.contentWindow&&(s.removeAttribute(\"style\"),\"height\"===t.message?(1e3<(r=parseInt(t.value,10))?r=1e3:~~r<200&&(r=200),s.height=r):\"link\"===t.message&&(r=new URL(s.getAttribute(\"src\")),n=new URL(t.value),c.test(n.protocol))&&n.host===r.host&&l.activeElement===s&&(d.top.location.href=t.value))}},d.addEventListener(\"message\",d.wp.receiveEmbedMessage,!1),l.addEventListener(\"DOMContentLoaded\",function(){for(var e,t,s=l.querySelectorAll(\"iframe.wp-embedded-content\"),r=0;r<s.length;r++)(t=(e=s[r]).getAttribute(\"data-secret\"))||(t=Math.random().toString(36).substring(2,12),e.src+=\"#?secret=\"+t,e.setAttribute(\"data-secret\",t)),e.contentWindow.postMessage({message:\"ready\",secret:t},\"*\")},!1)))}(window,document);\n\/\/# sourceURL=https:\/\/www.steveelkas.com\/wp-includes\/js\/wp-embed.min.js\n\/* ]]> *\/\n<\/script>\n","thumbnail_url":"https:\/\/www.steveelkas.com\/wp-content\/uploads\/2023\/06\/Sr-Edwina-Montminy.jpg","thumbnail_width":302,"thumbnail_height":385,"description":"1927 &#8211; 2023 Au Terrasses Bowen, le 20 juin 2023 est d\u00e9c\u00e9d\u00e9e S\u0153ur Edwina Montminy \u00e0 l\u2019\u00e2ge de 96 ans et de 75 ans de vie religieuse. Elle \u00e9tait la fille de feu Ald\u00e9rie Gagn\u00e9 et de feu Georges Montminy autrefois de St-Isidore d\u2019Auckland, QC. Les fun\u00e9railles auront lieu vendredi le 23 juin 2023, \u00e0 [&hellip;]"}

1927 &#8211; 2023 Au Terrasses Bowen, le 20 juin 2023 est décédée Sœur Edwina Montminy à l’âge de 96 ans et de 75 ans de vie religieuse. Elle était la fille de feu Aldérie Gagné et de feu Georges Montminy autrefois de St-Isidore d’Auckland, QC. Les funérailles auront lieu vendredi le 23 juin 2023, à [&hellip;]
