{"version":"1.0","provider_name":"Steve L. Elkas Funeral Home","provider_url":"https:\/\/www.steveelkas.com\/en\/","title":"Sr Jeanne-D'Arc Goyette &#8212; Steve L. Elkas Funeral Home","type":"rich","width":600,"height":338,"html":"<blockquote class=\"wp-embedded-content\" data-secret=\"ux2sm1tLgc\"><a href=\"https:\/\/www.steveelkas.com\/en\/obituaries\/sr-jeanne-darc-goyette\/\">Sr Jeanne-D&#8217;Arc Goyette<\/a><\/blockquote><iframe sandbox=\"allow-scripts\" security=\"restricted\" src=\"https:\/\/www.steveelkas.com\/en\/obituaries\/sr-jeanne-darc-goyette\/embed\/#?secret=ux2sm1tLgc\" width=\"600\" height=\"338\" title=\"&#8220;Sr Jeanne-D&#8217;Arc Goyette&#8221; &#8212; Steve L. Elkas Funeral Home\" data-secret=\"ux2sm1tLgc\" frameborder=\"0\" marginwidth=\"0\" marginheight=\"0\" scrolling=\"no\" class=\"wp-embedded-content\"><\/iframe><script type=\"text\/javascript\">\n\/* <![CDATA[ *\/\n\/*! This file is auto-generated *\/\n!function(d,l){\"use strict\";l.querySelector&&d.addEventListener&&\"undefined\"!=typeof URL&&(d.wp=d.wp||{},d.wp.receiveEmbedMessage||(d.wp.receiveEmbedMessage=function(e){var t=e.data;if((t||t.secret||t.message||t.value)&&!\/[^a-zA-Z0-9]\/.test(t.secret)){for(var s,r,n,a=l.querySelectorAll('iframe[data-secret=\"'+t.secret+'\"]'),o=l.querySelectorAll('blockquote[data-secret=\"'+t.secret+'\"]'),c=new RegExp(\"^https?:$\",\"i\"),i=0;i<o.length;i++)o[i].style.display=\"none\";for(i=0;i<a.length;i++)s=a[i],e.source===s.contentWindow&&(s.removeAttribute(\"style\"),\"height\"===t.message?(1e3<(r=parseInt(t.value,10))?r=1e3:~~r<200&&(r=200),s.height=r):\"link\"===t.message&&(r=new URL(s.getAttribute(\"src\")),n=new URL(t.value),c.test(n.protocol))&&n.host===r.host&&l.activeElement===s&&(d.top.location.href=t.value))}},d.addEventListener(\"message\",d.wp.receiveEmbedMessage,!1),l.addEventListener(\"DOMContentLoaded\",function(){for(var e,t,s=l.querySelectorAll(\"iframe.wp-embedded-content\"),r=0;r<s.length;r++)(t=(e=s[r]).getAttribute(\"data-secret\"))||(t=Math.random().toString(36).substring(2,12),e.src+=\"#?secret=\"+t,e.setAttribute(\"data-secret\",t)),e.contentWindow.postMessage({message:\"ready\",secret:t},\"*\")},!1)))}(window,document);\n\/\/# sourceURL=https:\/\/www.steveelkas.com\/wp-includes\/js\/wp-embed.min.js\n\/* ]]> *\/\n<\/script>\n","thumbnail_url":"https:\/\/www.steveelkas.com\/wp-content\/uploads\/2022\/05\/Sr-Jeanne-DArc-Goyette-1.jpg","thumbnail_width":977,"thumbnail_height":839,"description":"Aux Terrasses Bowen, le 29 Avril 2022 est d\u00e9c\u00e9d\u00e9e S\u0153ur Jeanne d\u2019Arc Goyette, MNDA (1924-2022) \u00e0 l\u2019\u00e2ge de 98 ans et de 68 ans de vie religieuse. Elle \u00e9tait la fille de (feu) Albert Goyette et de (feu) Alberta Tremblay de Coaticook, QC. Mercredi le 11 mai 2022 de 13h \u00e0 14h, exposition et t\u00e9moignages [&hellip;]"}

Aux Terrasses Bowen, le 29 Avril 2022 est décédée Sœur Jeanne d’Arc Goyette, MNDA (1924-2022) à l’âge de 98 ans et de 68 ans de vie religieuse. Elle était la fille de (feu) Albert Goyette et de (feu) Alberta Tremblay de Coaticook, QC. Mercredi le 11 mai 2022 de 13h à 14h, exposition et témoignages [&hellip;]
