{"version":"1.0","provider_name":"Steve L. Elkas Funeral Home","provider_url":"https:\/\/www.steveelkas.com\/en\/","title":"Sr Mariette Tr\u00e9panier M.N.D.A. &#8212; Steve L. Elkas Funeral Home","type":"rich","width":600,"height":338,"html":"<blockquote class=\"wp-embedded-content\" data-secret=\"TK4ll6RCBe\"><a href=\"https:\/\/www.steveelkas.com\/en\/obituaries\/sr-mariette-trepanier-m-n-d-a\/\">Sr Mariette Tr\u00e9panier M.N.D.A.<\/a><\/blockquote><iframe sandbox=\"allow-scripts\" security=\"restricted\" src=\"https:\/\/www.steveelkas.com\/en\/obituaries\/sr-mariette-trepanier-m-n-d-a\/embed\/#?secret=TK4ll6RCBe\" width=\"600\" height=\"338\" title=\"&#8220;Sr Mariette Tr\u00e9panier M.N.D.A.&#8221; &#8212; Steve L. Elkas Funeral Home\" data-secret=\"TK4ll6RCBe\" frameborder=\"0\" marginwidth=\"0\" marginheight=\"0\" scrolling=\"no\" class=\"wp-embedded-content\"><\/iframe><script type=\"text\/javascript\">\n\/* <![CDATA[ *\/\n\/*! This file is auto-generated *\/\n!function(d,l){\"use strict\";l.querySelector&&d.addEventListener&&\"undefined\"!=typeof URL&&(d.wp=d.wp||{},d.wp.receiveEmbedMessage||(d.wp.receiveEmbedMessage=function(e){var t=e.data;if((t||t.secret||t.message||t.value)&&!\/[^a-zA-Z0-9]\/.test(t.secret)){for(var s,r,n,a=l.querySelectorAll('iframe[data-secret=\"'+t.secret+'\"]'),o=l.querySelectorAll('blockquote[data-secret=\"'+t.secret+'\"]'),c=new RegExp(\"^https?:$\",\"i\"),i=0;i<o.length;i++)o[i].style.display=\"none\";for(i=0;i<a.length;i++)s=a[i],e.source===s.contentWindow&&(s.removeAttribute(\"style\"),\"height\"===t.message?(1e3<(r=parseInt(t.value,10))?r=1e3:~~r<200&&(r=200),s.height=r):\"link\"===t.message&&(r=new URL(s.getAttribute(\"src\")),n=new URL(t.value),c.test(n.protocol))&&n.host===r.host&&l.activeElement===s&&(d.top.location.href=t.value))}},d.addEventListener(\"message\",d.wp.receiveEmbedMessage,!1),l.addEventListener(\"DOMContentLoaded\",function(){for(var e,t,s=l.querySelectorAll(\"iframe.wp-embedded-content\"),r=0;r<s.length;r++)(t=(e=s[r]).getAttribute(\"data-secret\"))||(t=Math.random().toString(36).substring(2,12),e.src+=\"#?secret=\"+t,e.setAttribute(\"data-secret\",t)),e.contentWindow.postMessage({message:\"ready\",secret:t},\"*\")},!1)))}(window,document);\n\/\/# sourceURL=https:\/\/www.steveelkas.com\/wp-includes\/js\/wp-embed.min.js\n\/* ]]> *\/\n<\/script>\n","thumbnail_url":"https:\/\/www.steveelkas.com\/wp-content\/uploads\/2023\/04\/S.-Mariette-Trepanier.jpg","thumbnail_width":1817,"thumbnail_height":2025,"description":"\u00c0 l\u2019Oasis des Terrasses Bowen le 8 avril 2023 est d\u00e9c\u00e9d\u00e9e S\u0153ur Mariette Tr\u00e9panier, M.N.D.A. \u00e0 l\u2019\u00e2ge de 92 ans et de 62 ans de vie religieuse. N\u00e9e \u00e0 East Angus, QC. Elle \u00e9tait la fille de Feu Adolphe Tr\u00e9panier et de Feu Marie-Anna Dallaire. Les fun\u00e9railles auront lieu jeudi le 20 avril 2023, \u00e0 [&hellip;]"}

Sr Mariette Trépanier M.N.D.A. &#8212; Steve L. Elkas Funeral Home

<blockquote class="wp-embedded-content" data-secret="TK4ll6RCBe"><a href="https://www.steveelkas.com/en/obituaries/sr-mariette-trepanier-m-n-d-a/">Sr Mariette Trépanier M.N.D.A.</a></blockquote><iframe sandbox="allow-scripts" security="restricted" src="https://www.steveelkas.com/en/obituaries/sr-mariette-trepanier-m-n-d-a/embed/#?secret=TK4ll6RCBe" width="600" height="338" title="&#8220;Sr Mariette Trépanier M.N.D.A.&#8221; &#8212; Steve L. Elkas Funeral Home" data-secret="TK4ll6RCBe" frameborder="0" marginwidth="0" marginheight="0" scrolling="no" class="wp-embedded-content"></iframe><script type="text/javascript">
/* <![CDATA[ */
/*! This file is auto-generated */
!function(d,l){"use strict";l.querySelector&&d.addEventListener&&"undefined"!=typeof URL&&(d.wp=d.wp||{},d.wp.receiveEmbedMessage||(d.wp.receiveEmbedMessage=function(e){var t=e.data;if((t||t.secret||t.message||t.value)&&!/[^a-zA-Z0-9]/.test(t.secret)){for(var s,r,n,a=l.querySelectorAll('iframe[data-secret="'+t.secret+'"]'),o=l.querySelectorAll('blockquote[data-secret="'+t.secret+'"]'),c=new RegExp("^https?:$","i"),i=0;i<o.length;i++)o[i].style.display="none";for(i=0;i<a.length;i++)s=a[i],e.source===s.contentWindow&&(s.removeAttribute("style"),"height"===t.message?(1e3<(r=parseInt(t.value,10))?r=1e3:~~r<200&&(r=200),s.height=r):"link"===t.message&&(r=new URL(s.getAttribute("src")),n=new URL(t.value),c.test(n.protocol))&&n.host===r.host&&l.activeElement===s&&(d.top.location.href=t.value))}},d.addEventListener("message",d.wp.receiveEmbedMessage,!1),l.addEventListener("DOMContentLoaded",function(){for(var e,t,s=l.querySelectorAll("iframe.wp-embedded-content"),r=0;r<s.length;r++)(t=(e=s[r]).getAttribute("data-secret"))||(t=Math.random().toString(36).substring(2,12),e.src+="#?secret="+t,e.setAttribute("data-secret",t)),e.contentWindow.postMessage({message:"ready",secret:t},"*")},!1)))}(window,document);
//# sourceURL=https://www.steveelkas.com/wp-includes/js/wp-embed.min.js
/* ]]> */
</script>

À l’Oasis des Terrasses Bowen le 8 avril 2023 est décédée Sœur Mariette Trépanier, M.N.D.A. à l’âge de 92 ans et de 62 ans de vie religieuse. Née à East Angus, QC. Elle était la fille de Feu Adolphe Trépanier et de Feu Marie-Anna Dallaire. Les funérailles auront lieu jeudi le 20 avril 2023, à [&hellip;]
