{"version":"1.0","provider_name":"Steve L. Elkas Funeral Home","provider_url":"https:\/\/www.steveelkas.com\/en\/","title":"Sr Roberte Denis F.C.S.C.J. &#8212; Steve L. Elkas Funeral Home","type":"rich","width":600,"height":338,"html":"<blockquote class=\"wp-embedded-content\" data-secret=\"Qb3nGBG7nT\"><a href=\"https:\/\/www.steveelkas.com\/en\/obituaries\/sr-roberte-denis-f-c-s-c-j\/\">Sr Roberte Denis F.C.S.C.J.<\/a><\/blockquote><iframe sandbox=\"allow-scripts\" security=\"restricted\" src=\"https:\/\/www.steveelkas.com\/en\/obituaries\/sr-roberte-denis-f-c-s-c-j\/embed\/#?secret=Qb3nGBG7nT\" width=\"600\" height=\"338\" title=\"&#8220;Sr Roberte Denis F.C.S.C.J.&#8221; &#8212; Steve L. Elkas Funeral Home\" data-secret=\"Qb3nGBG7nT\" frameborder=\"0\" marginwidth=\"0\" marginheight=\"0\" scrolling=\"no\" class=\"wp-embedded-content\"><\/iframe><script type=\"text\/javascript\">\n\/* <![CDATA[ *\/\n\/*! This file is auto-generated *\/\n!function(d,l){\"use strict\";l.querySelector&&d.addEventListener&&\"undefined\"!=typeof URL&&(d.wp=d.wp||{},d.wp.receiveEmbedMessage||(d.wp.receiveEmbedMessage=function(e){var t=e.data;if((t||t.secret||t.message||t.value)&&!\/[^a-zA-Z0-9]\/.test(t.secret)){for(var s,r,n,a=l.querySelectorAll('iframe[data-secret=\"'+t.secret+'\"]'),o=l.querySelectorAll('blockquote[data-secret=\"'+t.secret+'\"]'),c=new RegExp(\"^https?:$\",\"i\"),i=0;i<o.length;i++)o[i].style.display=\"none\";for(i=0;i<a.length;i++)s=a[i],e.source===s.contentWindow&&(s.removeAttribute(\"style\"),\"height\"===t.message?(1e3<(r=parseInt(t.value,10))?r=1e3:~~r<200&&(r=200),s.height=r):\"link\"===t.message&&(r=new URL(s.getAttribute(\"src\")),n=new URL(t.value),c.test(n.protocol))&&n.host===r.host&&l.activeElement===s&&(d.top.location.href=t.value))}},d.addEventListener(\"message\",d.wp.receiveEmbedMessage,!1),l.addEventListener(\"DOMContentLoaded\",function(){for(var e,t,s=l.querySelectorAll(\"iframe.wp-embedded-content\"),r=0;r<s.length;r++)(t=(e=s[r]).getAttribute(\"data-secret\"))||(t=Math.random().toString(36).substring(2,12),e.src+=\"#?secret=\"+t,e.setAttribute(\"data-secret\",t)),e.contentWindow.postMessage({message:\"ready\",secret:t},\"*\")},!1)))}(window,document);\n\/\/# sourceURL=https:\/\/www.steveelkas.com\/wp-includes\/js\/wp-embed.min.js\n\/* ]]> *\/\n<\/script>\n","thumbnail_url":"https:\/\/www.steveelkas.com\/wp-content\/uploads\/2019\/09\/Roberte-Denis.jpg","thumbnail_width":939,"thumbnail_height":1174,"description":"Le vendredi 13 septembre 2019, est d\u00e9c\u00e9d\u00e9e \u00e0 l\u2019\u00e2ge de 80 ans, Roberte Denis (en religion soeur Marie-du-Rosaire), fille de feu Rosario Denis et de feu Diana Patry. La communaut\u00e9 vous accueillera \u00e0 la Maison centrale des Filles de la Charit\u00e9 du Sacr\u00e9Coeur de J\u00e9sus, 605, rue Bowen Sud, Sherbrooke, le samedi 21 septembre \u00e0 [&hellip;]"}

Le vendredi 13 septembre 2019, est décédée à l’âge de 80 ans, Roberte Denis (en religion soeur Marie-du-Rosaire), fille de feu Rosario Denis et de feu Diana Patry. La communauté vous accueillera à la Maison centrale des Filles de la Charité du SacréCoeur de Jésus, 605, rue Bowen Sud, Sherbrooke, le samedi 21 septembre à [&hellip;]
