{"version":"1.0","provider_name":"Steve L. Elkas Funeral Home","provider_url":"https:\/\/www.steveelkas.com\/en\/","title":"Th\u00e9r\u00e8se ( C\u00f4t\u00e9 ) Venner &#8212; Steve L. Elkas Funeral Home","type":"rich","width":600,"height":338,"html":"<blockquote class=\"wp-embedded-content\" data-secret=\"VuawqiAdiu\"><a href=\"https:\/\/www.steveelkas.com\/en\/obituaries\/therese-cote-venner\/\">Th\u00e9r\u00e8se ( C\u00f4t\u00e9 ) Venner<\/a><\/blockquote><iframe sandbox=\"allow-scripts\" security=\"restricted\" src=\"https:\/\/www.steveelkas.com\/en\/obituaries\/therese-cote-venner\/embed\/#?secret=VuawqiAdiu\" width=\"600\" height=\"338\" title=\"&#8220;Th\u00e9r\u00e8se ( C\u00f4t\u00e9 ) Venner&#8221; &#8212; Steve L. Elkas Funeral Home\" data-secret=\"VuawqiAdiu\" frameborder=\"0\" marginwidth=\"0\" marginheight=\"0\" scrolling=\"no\" class=\"wp-embedded-content\"><\/iframe><script type=\"text\/javascript\">\n\/* <![CDATA[ *\/\n\/*! This file is auto-generated *\/\n!function(d,l){\"use strict\";l.querySelector&&d.addEventListener&&\"undefined\"!=typeof URL&&(d.wp=d.wp||{},d.wp.receiveEmbedMessage||(d.wp.receiveEmbedMessage=function(e){var t=e.data;if((t||t.secret||t.message||t.value)&&!\/[^a-zA-Z0-9]\/.test(t.secret)){for(var s,r,n,a=l.querySelectorAll('iframe[data-secret=\"'+t.secret+'\"]'),o=l.querySelectorAll('blockquote[data-secret=\"'+t.secret+'\"]'),c=new RegExp(\"^https?:$\",\"i\"),i=0;i<o.length;i++)o[i].style.display=\"none\";for(i=0;i<a.length;i++)s=a[i],e.source===s.contentWindow&&(s.removeAttribute(\"style\"),\"height\"===t.message?(1e3<(r=parseInt(t.value,10))?r=1e3:~~r<200&&(r=200),s.height=r):\"link\"===t.message&&(r=new URL(s.getAttribute(\"src\")),n=new URL(t.value),c.test(n.protocol))&&n.host===r.host&&l.activeElement===s&&(d.top.location.href=t.value))}},d.addEventListener(\"message\",d.wp.receiveEmbedMessage,!1),l.addEventListener(\"DOMContentLoaded\",function(){for(var e,t,s=l.querySelectorAll(\"iframe.wp-embedded-content\"),r=0;r<s.length;r++)(t=(e=s[r]).getAttribute(\"data-secret\"))||(t=Math.random().toString(36).substring(2,12),e.src+=\"#?secret=\"+t,e.setAttribute(\"data-secret\",t)),e.contentWindow.postMessage({message:\"ready\",secret:t},\"*\")},!1)))}(window,document);\n\/\/# sourceURL=https:\/\/www.steveelkas.com\/wp-includes\/js\/wp-embed.min.js\n\/* ]]> *\/\n<\/script>\n","thumbnail_url":"https:\/\/www.steveelkas.com\/wp-content\/uploads\/2019\/08\/Th\u00e9r\u00e8se-C\u00f4t\u00e9380.jpg","thumbnail_width":2135,"thumbnail_height":2666,"description":"Au CHUS H\u00f4tel-Dieu, le 16 ao\u00fbt 2019 \u00e0 l\u2019\u00e2ge de 92 ans, est d\u00e9c\u00e9d\u00e9e madame Th\u00e9r\u00e8se C\u00f4t\u00e9, fille de feu monsieur Donat C\u00f4t\u00e9 et de feu madame Yvonne Therrien, demeurant \u00e0 Stoke. La famille vous accueillera le samedi 28 septembre 2019 en l\u2019\u00e9glise St-Jean- Baptiste \u00e0 compter de 9h30. Les fun\u00e9railles suivront \u00e0 10h30 en [&hellip;]"}

Thérèse ( Côté ) Venner &#8212; Steve L. Elkas Funeral Home

<blockquote class="wp-embedded-content" data-secret="VuawqiAdiu"><a href="https://www.steveelkas.com/en/obituaries/therese-cote-venner/">Thérèse ( Côté ) Venner</a></blockquote><iframe sandbox="allow-scripts" security="restricted" src="https://www.steveelkas.com/en/obituaries/therese-cote-venner/embed/#?secret=VuawqiAdiu" width="600" height="338" title="&#8220;Thérèse ( Côté ) Venner&#8221; &#8212; Steve L. Elkas Funeral Home" data-secret="VuawqiAdiu" frameborder="0" marginwidth="0" marginheight="0" scrolling="no" class="wp-embedded-content"></iframe><script type="text/javascript">
/* <![CDATA[ */
/*! This file is auto-generated */
!function(d,l){"use strict";l.querySelector&&d.addEventListener&&"undefined"!=typeof URL&&(d.wp=d.wp||{},d.wp.receiveEmbedMessage||(d.wp.receiveEmbedMessage=function(e){var t=e.data;if((t||t.secret||t.message||t.value)&&!/[^a-zA-Z0-9]/.test(t.secret)){for(var s,r,n,a=l.querySelectorAll('iframe[data-secret="'+t.secret+'"]'),o=l.querySelectorAll('blockquote[data-secret="'+t.secret+'"]'),c=new RegExp("^https?:$","i"),i=0;i<o.length;i++)o[i].style.display="none";for(i=0;i<a.length;i++)s=a[i],e.source===s.contentWindow&&(s.removeAttribute("style"),"height"===t.message?(1e3<(r=parseInt(t.value,10))?r=1e3:~~r<200&&(r=200),s.height=r):"link"===t.message&&(r=new URL(s.getAttribute("src")),n=new URL(t.value),c.test(n.protocol))&&n.host===r.host&&l.activeElement===s&&(d.top.location.href=t.value))}},d.addEventListener("message",d.wp.receiveEmbedMessage,!1),l.addEventListener("DOMContentLoaded",function(){for(var e,t,s=l.querySelectorAll("iframe.wp-embedded-content"),r=0;r<s.length;r++)(t=(e=s[r]).getAttribute("data-secret"))||(t=Math.random().toString(36).substring(2,12),e.src+="#?secret="+t,e.setAttribute("data-secret",t)),e.contentWindow.postMessage({message:"ready",secret:t},"*")},!1)))}(window,document);
//# sourceURL=https://www.steveelkas.com/wp-includes/js/wp-embed.min.js
/* ]]> */
</script>

https://www.steveelkas.com/wp-content/uploads/2019/08/Thérèse-Côté380.jpg

Au CHUS Hôtel-Dieu, le 16 août 2019 à l’âge de 92 ans, est décédée madame Thérèse Côté, fille de feu monsieur Donat Côté et de feu madame Yvonne Therrien, demeurant à Stoke. La famille vous accueillera le samedi 28 septembre 2019 en l’église St-Jean- Baptiste à compter de 9h30. Les funérailles suivront à 10h30 en [&hellip;]
